{"id":1003,"date":"2019-01-19T18:15:57","date_gmt":"2019-01-19T17:15:57","guid":{"rendered":"http:\/\/praxis-beylich.de\/?page_id=1003"},"modified":"2025-08-01T18:32:12","modified_gmt":"2025-08-01T16:32:12","slug":"ernaehrung","status":"publish","type":"page","link":"https:\/\/praxis-beylich.de\/?page_id=1003","title":{"rendered":"Ern\u00e4hrung"},"content":{"rendered":"<p>Es gibt wahrscheinlich kaum ein anderes Thema, wor\u00fcber so viel Sinnvolles wie Unsinniges in den letzten Jahren geschrieben, gesprochen, gefilmt oder \u201egetalk-showd\u201c wurde, wie unsere Ern\u00e4hrung. Im engen Zusammenhang damit stehen nat\u00fcrlich auch die hunderte oder gar tausende von Di\u00e4ten, flei\u00dfig promoted von diversen Illustrierten, Wochenzeitschriften, Gesundheitsmagazinen und Internet-Blogs. Alle versprechen die Traumfigur in wenigen Tagen oder Wochen, manche sogar \u00fcber Nacht, auf jeden Fall aber totsicher und garantiert ohne Anstrengung. Komplettiert werden diese fantastischen Angebote von einer Unzahl von Nahrungserg\u00e4nzungsmitteln und nat\u00fcrlich auch den \u201eultimativen Schlankmachern\u201c. Und \u2013 am wichtigsten dabei: garantiert unsch\u00e4dlich, pflanzlich, hochwirksam und 100%ig wirksam, das einzige und neueste Mittel dieser Art am Markt, m\u00f6glicherweise nach Jahrtausenden wiederentdeckt und bereits vor tausenden von Jahren von den Inkas angewendet, dazu leistungs- und potenzsteigernd &#8230;<\/p>\n<p>Sie sehen, so ganz ernst kann man das alles schon gar nicht mehr nehmen. Und trotzdem boomt diese Industrie, unterst\u00fctzt von diversen &#8222;qualitativ hochwertigen&#8220; Fernsehsendungen, die uns tagt\u00e4glich demonstrieren, wie der sch\u00f6ne Mensch auszusehen hat und mit welchen Patentrezepten dieses oder jenes Ziel zu erreichen ist.<\/p>\n<p>Erstaunlich ist, wie unkritisch viele dieser Informationen von vielen von uns \u201everarbeitet\u201c werden, wo doch der Zugang zu qualifizierten Informationen heute dank Internet v\u00f6llig unkompliziert und f\u00fcr jeden m\u00f6glich ist. Und mit ein klein wenig Recherche findet man sogar gute wissenschaftlich begr\u00fcndete Beitr\u00e4ge, in denen man vielleicht beim ersten Durchlesen nicht alles versteht, aber bei denen 50% Verst\u00e4ndnis immer noch ein deutliches Plus sind im Vergleich zu manch anderem Beitrag.<\/p>\n<p>Wie also sollte unsere Ern\u00e4hrung aussehen?<\/p>\n<p>Wer jetzt den Anfang eines Kochbuches erwartet, sollte aufh\u00f6ren zu lesen. <strong>Es gibt nicht <em><u>die<\/u><\/em>\u00a0einzige richtige Ern\u00e4hrung! <\/strong>Aber es gibt mittlerweile gen\u00fcgend ern\u00e4hrungswissenschaftlich, medizinisch und molekularbiologisch gesicherte Erkenntnisse \u00fcber unseren Stoffwechsel und damit \u00fcber eine sinnvolle Ern\u00e4hrung, gewisse \u201eDi\u00e4t-Regimes\u201c und sinnvolle Bewegung.<\/p>\n<p>Die einfachste und \u00e4lteste heute noch aktuelle Ern\u00e4hrungsempfehlung ist wohl die Ern\u00e4hrungspyramide, die laut Wikipedia vom Bundeszentrum f\u00fcr Ern\u00e4hrung (BZfE) entwickelt wurde, allerdings bereits in den 70er Jahren auch schon in der DDR bekannt war. \u00a0\u00a0<img decoding=\"async\" class=\"alignnone wp-image-1012\" style=\"font-size: 1rem;\" src=\"https:\/\/praxis-beylich.de\/wp-content\/uploads\/2019\/01\/images.jpeg\" alt=\"\" width=\"56\" height=\"42\" \/><\/p>\n<p><img fetchpriority=\"high\" decoding=\"async\" class=\"alignnone size-full wp-image-1011\" src=\"https:\/\/praxis-beylich.de\/wp-content\/uploads\/2019\/01\/epyramide_bausteine.jpg\" alt=\"\" width=\"900\" height=\"600\" srcset=\"https:\/\/praxis-beylich.de\/wp-content\/uploads\/2019\/01\/epyramide_bausteine.jpg 900w, https:\/\/praxis-beylich.de\/wp-content\/uploads\/2019\/01\/epyramide_bausteine-300x200.jpg 300w, https:\/\/praxis-beylich.de\/wp-content\/uploads\/2019\/01\/epyramide_bausteine-768x512.jpg 768w\" sizes=\"(max-width: 767px) 89vw, (max-width: 1000px) 54vw, (max-width: 1071px) 543px, 580px\" \/><\/p>\n<p>Die Ern\u00e4hrungspyramide ist ein einfaches und alltagstaugliches System, mit dem jeder sein Ern\u00e4hrungsverhalten pr\u00fcfen und optimieren kann &#8211; ganz ohne Kalorienz\u00e4hlen.\u00a0Mit anschaulichen Symbolen, selbsterkl\u00e4renden Ampelfarben\u00a0und die Unterteilung der Pyramidenebenen in Portionsbausteine bietet das Modell eine klare Orientierung im Alltag. Die Ern\u00e4hrungspyramide\u00a0gibt den \u00e4u\u00dferen Rahmen vor, der nach eigenem Geschmack, individuellen Gewohnheiten und unterschiedlichem Energiebedarf gef\u00fcllt werden kann. Ihr gr\u00f6\u00dfter Vorteil ist dabei ihre Vielseitigkeit. Denn durch den einfachen Aufbau eignet sie sich f\u00fcr die Arbeit mit Kindern und Jugendlichen genauso wie f\u00fcr die Beratung von Erwachsenen: Jeder Baustein der Pyramide steht f\u00fcr eine Portion und das\u00a0<a href=\"https:\/\/www.bzfe.de\/inhalt\/wie-gross-ist-eine-portion-985.html\">Ma\u00df f\u00fcr eine Portion<\/a>\u00a0kann die eigene Hand sein. Die Portionen wachsen also ebenfalls mit und das Modell ber\u00fccksichtigt so, dass sich der N\u00e4hrstoffbedarf mit dem Alter \u00e4ndert: Kleine Kinder, kleine H\u00e4nde &#8211; gro\u00dfe &#8222;Kinder&#8220;, gro\u00dfe H\u00e4nde.<\/p>\n<p>Harald Seitz, BZfE<\/p>\n<h4><span class=\"headline\">Ern\u00e4hrungspyramide als App<\/span><\/h4>\n<p>Was esse ich? Wer sein Essverhalten verbessern m\u00f6chte, kommt um diese Frage nicht herum. L\u00e4ngere Zeit gab es die App \u201eWas ich esse\u201c. Sie sollte dabei helfen, einmal genauer unter die Lupe zu nehmen, was den Tag \u00fcber auf dem Teller landete \u2013 und auch wie viel. Mit der App kann alles, was am Tag gegessen und getrunken wurde, \u201eeingecheckt\u201c werden. Die Einsortierung der Lebensmittel in die Ern\u00e4hrungspyramide erfolgte automatisch. Inklusive Erinnerungsfunktion, Wochen\u00fcbersicht, individuellen Zieleingaben und Teilungsfunktion \u00fcber facebook und twitter. Inzwischen ist diese App weder im Google- noch mim Apple-Store mehr vorhanden. Aber daf\u00fcr gibt es jed3e Menge anderer mehr oder weniger gute Apps, die nicht nur das Trocken von Lebensmitteln erm\u00f6glichen, sondern auch noch jede Menge Ern\u00e4hrungstips parat haben.<\/p>\n<p>Praktisch alles, was es heute an seri\u00f6sen Ern\u00e4hrungsempfehlungen, Di\u00e4tvorschl\u00e4gen und anderen gutgemeinten Tips gibt, basiert letzten Endes auf diesen Grunds\u00e4tzen, ganz gleich, ob es zus\u00e4tzlich mit Attributen wie &#8222;Low carb&#8220;, &#8222;Paleo&#8220;, &#8222;Low fat&#8220; oder was auch immer versehen wird.<\/p>\n<p>Wesentlich vielversprechender dagegen sind Betrachtungsweisen, die unsere entwicklungsgeschichtlichen Voraussetzungen ber\u00fccksichtigen und die ver-suchen, die insbesondere in den letzten Jahrzehnten fehlentwickelten Ern\u00e4h-rung- und Lebensgewohnheiten zu ver\u00e4ndern und unseren nat\u00fcrlichen Rhythmus von Nahrungsaufnahme und Bewegung anzugleichen (Von den Anlagen her sind wir immer noch J\u00e4ger und Sammler, auch wenn das etwas stark vereinfacht ist.)<\/p>\n<p>Auf diesen Erkenntnissen beruhen dann auch aktuelle Ern\u00e4hrungsempfehlungen und Di\u00e4tregimes. Es war eben in der Urgesellschaft nicht \u00fcblich, gr\u00f6\u00dfere Mengen Kohlenhydrate zu essen (Getreide u.\u00e4. kam erst mit dem Ackerbau in verst\u00e4rktem Ma\u00dfe auf unseren Speiseplan). Und es war auch durchaus nicht normal, t\u00e4glich Fleisch oder Fisch auf dem Speisezettel zu haben. Das musste gejagt oder gefangen werden, und Gl\u00fcck hatte man nicht alle Tage. Und es war nicht einmal normal, jeden Tag ausreichend zu essen zu haben, geschweige denn regelm\u00e4\u00dfige Mahlzeiten einzunehmen. Daf\u00fcr musste man sich bewegen, den ganzen lieben langen Tag Nahrung suchen und vor Feinden auf der Hut sein. Und trotz aller Bem\u00fchungen blieb die Belohnung oftmals aus und man musste mit knurrendem Magen schlafen gehen.<\/p>\n<p>Aktuelle L\u00f6sungsans\u00e4tze versuchen, diesen Umst\u00e4nden zumindest ein klein wenig gerecht zu werden, indem auf den viel zu hohen Verzehr von Fleisch und Wurstwaren und Kohlenhydraten hingewiesen wird. Man versucht auch &#8211; und hier sind vor allem Elternhaus und Bildungseinrichtungen gefragt &#8211; zuneh-mend klarzustellen, welche negativen Einfl\u00fcsse Fertignahrungen und andere industrielle Produkte auf unsere Gesundheit haben. Leider bestehen hier noch gewaltige Defizite, auch von Seiten der Politik. Denn &#8211; machen wir uns nichts vor &#8211; gesunde Ern\u00e4hrung ist (leider) deutlich teurer als ungesunde, und &#8211; wo &#8222;\u00d6ko&#8220; oder &#8222;Bio&#8220; drauf steht &#8211; muss das nicht auch wirklich drin sein. Leider. Es lohnt sich also durchaus, hier ein paar kritische Blicke auf das Kleingedruckte und die N\u00e4hrstofftabellen zu werfen.<\/p>\n<p>Ern\u00e4hrungswissenschaftler und auch Allergologen wissen es schon lange und erkl\u00e4ren die in den neuen Bundesl\u00e4ndern seit 1989 rasant angestiegenen Allergien zum Teil damit: Nicht nur der extrem hohe Verbrauch an Kohlenhydraten kommt als Ursache in Frage, auch der unphysiologische Verzehr &#8222;nicht zeitgerechter&#8220; Nahrungsmittel ist schuld. Es ist eben nicht normal f\u00fcr unseren K\u00f6rper, mitten im Winter frische Erdbeeren zu essen. Die chinesische Medizin wei\u00df das seit tausenden von Jahren. Hier ist jeder Jahreszeit nicht nur eine Farbe und ein Element zugeordnet, sondern auch eine Geschmacksrichtung. Der Winter, zum Beispiel, hat die Geschmacks-richtung &#8222;sauer&#8220; (Eingelegtes, Konserviertes). Heute haben wir alles ganz-j\u00e4hrig, auch konservierte Lebensmittel, allerdings leider industriell und mit reichlich Zusatzstoffen, die unseren Stoffwechsel durchaus nicht gl\u00fccklich machen, und die zu allem \u00dcberfluss in aller Regel dazu noch reichlich Zucker enthalten.<\/p>\n<p>Der Ausweg sind frische Lebensmittel ohne Mengen an Konservierungsstof-fen, m\u00f6glichst naturbelassen und schonend zubereitet, deutlich weniger Kohlenhydrate und wenn, dann m\u00f6glichst ballaststoffreiche (Vollkorn)Produkte und sparsamerer Umgang mit Fleisch und Fleischprodukten, vor allem, wenn sie vom Schwein stammen. Wild, Gefl\u00fcgel, Rind, Kalb oder Lamm sind hier gute Alternativen. Vom Handel m\u00fcsste die Forderung nach qualitativ hochwertigem (See)Fisch deutlich st\u00e4rker beachtet werden. Das Angebot an Milch und Milchprodukten ebenso wie Sojaprodukte hat sich in letzter Zeit bereits deutlich gebessert.<\/p>\n<p>Ein Wort noch zu Di\u00e4ten. Generell sind sie bei vern\u00fcnftiger Ern\u00e4hrung und aus-reichend Bewegung entbehrlich. V\u00f6llig ungeeignet ist aus unserer Sicht alles, was dem entgegen l\u00e4uft, egal ob das Kartoffel-Ei-Di\u00e4t, Null-Di\u00e4t, Eiwei\u00df-Di\u00e4t oder sonst wie hei\u00dft. Eine gute Di\u00e4t, sofern man dieses Wort denn \u00fcberhaupt benutzen mu\u00df oder will, sollte darauf abzielen, die E\u00df- und Lebensgewohn-heiten\u00a0<em><strong>dauerhaft<\/strong><\/em>\u00a0positiv zu beeinflussen und zu ver\u00e4ndern. In allen anderen F\u00e4llen kommt es zum bekannten Jo-Jo-Effekt, sobald man seine &#8222;Di\u00e4t&#8220; been-det und wieder zum gewohnten Essen \u00fcbergeht.<\/p>\n<p>Crash-Di\u00e4ten sind in extremen Ausnahmef\u00e4llen, wo es auf rasche Gewichts-reduktion ankommt, vor\u00fcbergehend sinnvoll und unter \u00e4rztlicher Aufsicht zu vertreten, aber um eine \u00c4nderung der Lebensgewohnheiten kommt man auch hier nicht herum.<\/p>\n<p>Eine gewisse Sonderstellung nimmt hier das sogenannte <a href=\"https:\/\/praxis-beylich.de\/intervallfasten-flexifasten \u200e\">Intervallfasten<\/a> oder <a href=\"https:\/\/praxis-beylich.de\/intervallfasten-flexifasten \u200e\">Flexifasten<\/a> ein. Die Bezeichnung ist insofern irref\u00fchrend, als es sich nicht um einen Nahrungs<em>entzug<\/em> wie beim Fasten in bestimmten Religionen handelt. Hintergrund ist vielmehr der Gedanke, das eingangs erw\u00e4hnte urzeitliche, genetisch verankerte Verm\u00f6gen unseres K\u00f6rpers, in Zeiten reichlichen Nahrungsangebotes &#8222;aus den Vollen zu sch\u00f6pfen&#8220; und w\u00e4hrend Hungerszeiten in eine Art Sparmodus zu schalten, in dem angesammelte Reserven verbraucht und dar\u00fcber hinaus in den Zellen &#8222;herumliegende Abfallprodukte&#8220; zus\u00e4tzlich abgebaut und somit der Energiegewinnung zugef\u00fchrt werden.<\/p>\n","protected":false},"excerpt":{"rendered":"<p>Es gibt wahrscheinlich kaum ein anderes Thema, wor\u00fcber so viel Sinnvolles wie Unsinniges in den letzten Jahren geschrieben, gesprochen, gefilmt oder \u201egetalk-showd\u201c wurde, wie unsere Ern\u00e4hrung. Im engen Zusammenhang damit stehen nat\u00fcrlich auch die hunderte oder gar tausende von Di\u00e4ten, flei\u00dfig promoted von diversen Illustrierten, Wochenzeitschriften, Gesundheitsmagazinen und Internet-Blogs. Alle versprechen die Traumfigur in wenigen &hellip; <\/p>\n<p class=\"link-more\"><a href=\"https:\/\/praxis-beylich.de\/?page_id=1003\" class=\"more-link\"><span class=\"screen-reader-text\">\u201eErn\u00e4hrung\u201c <\/span>weiterlesen<\/a><\/p>\n","protected":false},"author":1,"featured_media":1006,"parent":112,"menu_order":0,"comment_status":"closed","ping_status":"closed","template":"","meta":{"_monsterinsights_skip_tracking":false,"_monsterinsights_sitenote_active":false,"_monsterinsights_sitenote_note":"","_monsterinsights_sitenote_category":0,"footnotes":""},"class_list":["post-1003","page","type-page","status-publish","has-post-thumbnail","hentry"],"yoast_head":"<!-- This site is optimized with the Yoast SEO plugin v27.4 - https:\/\/yoast.com\/product\/yoast-seo-wordpress\/ -->\n<title>Ern\u00e4hrung - PRAXIS F\u00dcR ALLGEMEINMEDIZIN<\/title>\n<meta name=\"robots\" content=\"index, follow, max-snippet:-1, max-image-preview:large, max-video-preview:-1\" \/>\n<link rel=\"canonical\" href=\"https:\/\/praxis-beylich.de\/?page_id=1003\" \/>\n<meta property=\"og:locale\" content=\"de_DE\" \/>\n<meta property=\"og:type\" content=\"article\" \/>\n<meta property=\"og:title\" content=\"Ern\u00e4hrung - PRAXIS F\u00dcR ALLGEMEINMEDIZIN\" \/>\n<meta property=\"og:description\" content=\"Es gibt wahrscheinlich kaum ein anderes Thema, wor\u00fcber so viel Sinnvolles wie Unsinniges in den letzten Jahren geschrieben, gesprochen, gefilmt oder \u201egetalk-showd\u201c wurde, wie unsere Ern\u00e4hrung. Im engen Zusammenhang damit stehen nat\u00fcrlich auch die hunderte oder gar tausende von Di\u00e4ten, flei\u00dfig promoted von diversen Illustrierten, Wochenzeitschriften, Gesundheitsmagazinen und Internet-Blogs. Alle versprechen die Traumfigur in wenigen &hellip; \u201eErn\u00e4hrung\u201c weiterlesen\" \/>\n<meta property=\"og:url\" content=\"https:\/\/praxis-beylich.de\/?page_id=1003\" \/>\n<meta property=\"og:site_name\" content=\"PRAXIS F\u00dcR ALLGEMEINMEDIZIN\" \/>\n<meta property=\"article:modified_time\" content=\"2025-08-01T16:32:12+00:00\" \/>\n<meta property=\"og:image\" content=\"https:\/\/praxis-beylich.de\/wp-content\/uploads\/2019\/01\/Ern\u00e4hrung1.jpg\" \/>\n\t<meta property=\"og:image:width\" content=\"750\" \/>\n\t<meta property=\"og:image:height\" content=\"499\" \/>\n\t<meta property=\"og:image:type\" content=\"image\/jpeg\" \/>\n<meta name=\"twitter:card\" content=\"summary_large_image\" \/>\n<meta name=\"twitter:label1\" content=\"Gesch\u00e4tzte Lesezeit\" \/>\n\t<meta name=\"twitter:data1\" content=\"8\u00a0Minuten\" \/>\n<script type=\"application\/ld+json\" class=\"yoast-schema-graph\">{\"@context\":\"https:\\\/\\\/schema.org\",\"@graph\":[{\"@type\":\"WebPage\",\"@id\":\"https:\\\/\\\/praxis-beylich.de\\\/?page_id=1003\",\"url\":\"https:\\\/\\\/praxis-beylich.de\\\/?page_id=1003\",\"name\":\"Ern\u00e4hrung - PRAXIS F\u00dcR ALLGEMEINMEDIZIN\",\"isPartOf\":{\"@id\":\"https:\\\/\\\/praxis-beylich.de\\\/#website\"},\"primaryImageOfPage\":{\"@id\":\"https:\\\/\\\/praxis-beylich.de\\\/?page_id=1003#primaryimage\"},\"image\":{\"@id\":\"https:\\\/\\\/praxis-beylich.de\\\/?page_id=1003#primaryimage\"},\"thumbnailUrl\":\"https:\\\/\\\/praxis-beylich.de\\\/wp-content\\\/uploads\\\/2019\\\/01\\\/Ern\u00e4hrung1.jpg\",\"datePublished\":\"2019-01-19T17:15:57+00:00\",\"dateModified\":\"2025-08-01T16:32:12+00:00\",\"breadcrumb\":{\"@id\":\"https:\\\/\\\/praxis-beylich.de\\\/?page_id=1003#breadcrumb\"},\"inLanguage\":\"de\",\"potentialAction\":[{\"@type\":\"ReadAction\",\"target\":[\"https:\\\/\\\/praxis-beylich.de\\\/?page_id=1003\"]}]},{\"@type\":\"ImageObject\",\"inLanguage\":\"de\",\"@id\":\"https:\\\/\\\/praxis-beylich.de\\\/?page_id=1003#primaryimage\",\"url\":\"https:\\\/\\\/praxis-beylich.de\\\/wp-content\\\/uploads\\\/2019\\\/01\\\/Ern\u00e4hrung1.jpg\",\"contentUrl\":\"https:\\\/\\\/praxis-beylich.de\\\/wp-content\\\/uploads\\\/2019\\\/01\\\/Ern\u00e4hrung1.jpg\",\"width\":750,\"height\":499},{\"@type\":\"BreadcrumbList\",\"@id\":\"https:\\\/\\\/praxis-beylich.de\\\/?page_id=1003#breadcrumb\",\"itemListElement\":[{\"@type\":\"ListItem\",\"position\":1,\"name\":\"Startseite\",\"item\":\"https:\\\/\\\/praxis-beylich.de\\\/\"},{\"@type\":\"ListItem\",\"position\":2,\"name\":\"Medizinisches\",\"item\":\"https:\\\/\\\/praxis-beylich.de\\\/?page_id=112\"},{\"@type\":\"ListItem\",\"position\":3,\"name\":\"Ern\u00e4hrung\"}]},{\"@type\":\"WebSite\",\"@id\":\"https:\\\/\\\/praxis-beylich.de\\\/#website\",\"url\":\"https:\\\/\\\/praxis-beylich.de\\\/\",\"name\":\"PRAXIS F\u00dcR ALLGEMEINMEDIZIN\",\"description\":\"Dipl.-Med. Michael Beylich, Facharzt f\u00fcr Allgemeinmedizin, Notarzt, Badearzt, Akupunkturarzt\",\"publisher\":{\"@id\":\"https:\\\/\\\/praxis-beylich.de\\\/#organization\"},\"potentialAction\":[{\"@type\":\"SearchAction\",\"target\":{\"@type\":\"EntryPoint\",\"urlTemplate\":\"https:\\\/\\\/praxis-beylich.de\\\/?s={search_term_string}\"},\"query-input\":{\"@type\":\"PropertyValueSpecification\",\"valueRequired\":true,\"valueName\":\"search_term_string\"}}],\"inLanguage\":\"de\"},{\"@type\":\"Organization\",\"@id\":\"https:\\\/\\\/praxis-beylich.de\\\/#organization\",\"name\":\"Praxis f\u00fcr Allgemeinmedizin\",\"url\":\"https:\\\/\\\/praxis-beylich.de\\\/\",\"logo\":{\"@type\":\"ImageObject\",\"inLanguage\":\"de\",\"@id\":\"https:\\\/\\\/praxis-beylich.de\\\/#\\\/schema\\\/logo\\\/image\\\/\",\"url\":\"http:\\\/\\\/praxis-beylich.de\\\/wp-content\\\/uploads\\\/2018\\\/01\\\/YinYang-1.png\",\"contentUrl\":\"http:\\\/\\\/praxis-beylich.de\\\/wp-content\\\/uploads\\\/2018\\\/01\\\/YinYang-1.png\",\"width\":133,\"height\":134,\"caption\":\"Praxis f\u00fcr Allgemeinmedizin\"},\"image\":{\"@id\":\"https:\\\/\\\/praxis-beylich.de\\\/#\\\/schema\\\/logo\\\/image\\\/\"}}]}<\/script>\n<!-- \/ Yoast SEO plugin. -->","yoast_head_json":{"title":"Ern\u00e4hrung - PRAXIS F\u00dcR ALLGEMEINMEDIZIN","robots":{"index":"index","follow":"follow","max-snippet":"max-snippet:-1","max-image-preview":"max-image-preview:large","max-video-preview":"max-video-preview:-1"},"canonical":"https:\/\/praxis-beylich.de\/?page_id=1003","og_locale":"de_DE","og_type":"article","og_title":"Ern\u00e4hrung - PRAXIS F\u00dcR ALLGEMEINMEDIZIN","og_description":"Es gibt wahrscheinlich kaum ein anderes Thema, wor\u00fcber so viel Sinnvolles wie Unsinniges in den letzten Jahren geschrieben, gesprochen, gefilmt oder \u201egetalk-showd\u201c wurde, wie unsere Ern\u00e4hrung. Im engen Zusammenhang damit stehen nat\u00fcrlich auch die hunderte oder gar tausende von Di\u00e4ten, flei\u00dfig promoted von diversen Illustrierten, Wochenzeitschriften, Gesundheitsmagazinen und Internet-Blogs. Alle versprechen die Traumfigur in wenigen &hellip; \u201eErn\u00e4hrung\u201c weiterlesen","og_url":"https:\/\/praxis-beylich.de\/?page_id=1003","og_site_name":"PRAXIS F\u00dcR ALLGEMEINMEDIZIN","article_modified_time":"2025-08-01T16:32:12+00:00","og_image":[{"width":750,"height":499,"url":"https:\/\/praxis-beylich.de\/wp-content\/uploads\/2019\/01\/Ern\u00e4hrung1.jpg","type":"image\/jpeg"}],"twitter_card":"summary_large_image","twitter_misc":{"Gesch\u00e4tzte Lesezeit":"8\u00a0Minuten"},"schema":{"@context":"https:\/\/schema.org","@graph":[{"@type":"WebPage","@id":"https:\/\/praxis-beylich.de\/?page_id=1003","url":"https:\/\/praxis-beylich.de\/?page_id=1003","name":"Ern\u00e4hrung - PRAXIS F\u00dcR ALLGEMEINMEDIZIN","isPartOf":{"@id":"https:\/\/praxis-beylich.de\/#website"},"primaryImageOfPage":{"@id":"https:\/\/praxis-beylich.de\/?page_id=1003#primaryimage"},"image":{"@id":"https:\/\/praxis-beylich.de\/?page_id=1003#primaryimage"},"thumbnailUrl":"https:\/\/praxis-beylich.de\/wp-content\/uploads\/2019\/01\/Ern\u00e4hrung1.jpg","datePublished":"2019-01-19T17:15:57+00:00","dateModified":"2025-08-01T16:32:12+00:00","breadcrumb":{"@id":"https:\/\/praxis-beylich.de\/?page_id=1003#breadcrumb"},"inLanguage":"de","potentialAction":[{"@type":"ReadAction","target":["https:\/\/praxis-beylich.de\/?page_id=1003"]}]},{"@type":"ImageObject","inLanguage":"de","@id":"https:\/\/praxis-beylich.de\/?page_id=1003#primaryimage","url":"https:\/\/praxis-beylich.de\/wp-content\/uploads\/2019\/01\/Ern\u00e4hrung1.jpg","contentUrl":"https:\/\/praxis-beylich.de\/wp-content\/uploads\/2019\/01\/Ern\u00e4hrung1.jpg","width":750,"height":499},{"@type":"BreadcrumbList","@id":"https:\/\/praxis-beylich.de\/?page_id=1003#breadcrumb","itemListElement":[{"@type":"ListItem","position":1,"name":"Startseite","item":"https:\/\/praxis-beylich.de\/"},{"@type":"ListItem","position":2,"name":"Medizinisches","item":"https:\/\/praxis-beylich.de\/?page_id=112"},{"@type":"ListItem","position":3,"name":"Ern\u00e4hrung"}]},{"@type":"WebSite","@id":"https:\/\/praxis-beylich.de\/#website","url":"https:\/\/praxis-beylich.de\/","name":"PRAXIS F\u00dcR ALLGEMEINMEDIZIN","description":"Dipl.-Med. Michael Beylich, Facharzt f\u00fcr Allgemeinmedizin, Notarzt, Badearzt, Akupunkturarzt","publisher":{"@id":"https:\/\/praxis-beylich.de\/#organization"},"potentialAction":[{"@type":"SearchAction","target":{"@type":"EntryPoint","urlTemplate":"https:\/\/praxis-beylich.de\/?s={search_term_string}"},"query-input":{"@type":"PropertyValueSpecification","valueRequired":true,"valueName":"search_term_string"}}],"inLanguage":"de"},{"@type":"Organization","@id":"https:\/\/praxis-beylich.de\/#organization","name":"Praxis f\u00fcr Allgemeinmedizin","url":"https:\/\/praxis-beylich.de\/","logo":{"@type":"ImageObject","inLanguage":"de","@id":"https:\/\/praxis-beylich.de\/#\/schema\/logo\/image\/","url":"http:\/\/praxis-beylich.de\/wp-content\/uploads\/2018\/01\/YinYang-1.png","contentUrl":"http:\/\/praxis-beylich.de\/wp-content\/uploads\/2018\/01\/YinYang-1.png","width":133,"height":134,"caption":"Praxis f\u00fcr Allgemeinmedizin"},"image":{"@id":"https:\/\/praxis-beylich.de\/#\/schema\/logo\/image\/"}}]}},"_links":{"self":[{"href":"https:\/\/praxis-beylich.de\/index.php?rest_route=\/wp\/v2\/pages\/1003","targetHints":{"allow":["GET"]}}],"collection":[{"href":"https:\/\/praxis-beylich.de\/index.php?rest_route=\/wp\/v2\/pages"}],"about":[{"href":"https:\/\/praxis-beylich.de\/index.php?rest_route=\/wp\/v2\/types\/page"}],"author":[{"embeddable":true,"href":"https:\/\/praxis-beylich.de\/index.php?rest_route=\/wp\/v2\/users\/1"}],"replies":[{"embeddable":true,"href":"https:\/\/praxis-beylich.de\/index.php?rest_route=%2Fwp%2Fv2%2Fcomments&post=1003"}],"version-history":[{"count":13,"href":"https:\/\/praxis-beylich.de\/index.php?rest_route=\/wp\/v2\/pages\/1003\/revisions"}],"predecessor-version":[{"id":2542,"href":"https:\/\/praxis-beylich.de\/index.php?rest_route=\/wp\/v2\/pages\/1003\/revisions\/2542"}],"up":[{"embeddable":true,"href":"https:\/\/praxis-beylich.de\/index.php?rest_route=\/wp\/v2\/pages\/112"}],"wp:featuredmedia":[{"embeddable":true,"href":"https:\/\/praxis-beylich.de\/index.php?rest_route=\/wp\/v2\/media\/1006"}],"wp:attachment":[{"href":"https:\/\/praxis-beylich.de\/index.php?rest_route=%2Fwp%2Fv2%2Fmedia&parent=1003"}],"curies":[{"name":"wp","href":"https:\/\/api.w.org\/{rel}","templated":true}]}}