{"id":1038,"date":"2019-02-13T17:39:15","date_gmt":"2019-02-13T16:39:15","guid":{"rendered":"http:\/\/praxis-beylich.de\/?page_id=1038"},"modified":"2024-04-24T16:48:54","modified_gmt":"2024-04-24T14:48:54","slug":"tele-medizin-video-sprechstunde","status":"publish","type":"page","link":"https:\/\/praxis-beylich.de\/?page_id=1038","title":{"rendered":"Tele-Medizin (Video-Sprechstunde)"},"content":{"rendered":"<p>Seit 2017 wird in einigen Regionen Deutschlands bereits die sogenannte Tele-Medizin eingesetzt. Sie wird auch k\u00fcnftig nicht die &#8222;normale&#8220; Sprechstunde ersetzen. Es ist unsere feste \u00dcberzeugung , dass der direkte Arzt-Patienten-Kontakt durch nichts zu ersetzen ist. In allen F\u00e4llen, wo es darum geht, pers\u00f6nliche Erkenntnisse durch den Einsatz unserer f\u00fcnf Sinne zu erheben oder wo es sich um neue, unbekannte Patienten handelt, \u00fcber die sich der Arzt ein m\u00f6glichst umfassendes Bild verschaffen muss, wird nach wie vor der Gang zur Praxis oder &#8211; falls das aus medizinischen Gr\u00fcnden nicht m\u00f6glich ist &#8211; der Hausbesuch die einzig sinnvolle Ma\u00dfnahme sein und auch bleiben.<\/p>\n<p>Dar\u00fcber hinaus gibt es aber auch eine gro\u00dfe Anzahl an Problemen und Fragestellungen, bei denen es gen\u00fcgt, &#8222;mal aus der Ferne&#8220; draufzuschauen, Wundkontrollen, Ausschl\u00e4ge, deren Verlauf zu kontrollieren ist, Patienten im Pflegeheim, wo man &#8222;nur mal schnell drauf gucken&#8220; m\u00f6chte usw.<\/p>\n<p>F\u00fcr solche F\u00e4lle m\u00f6chten wir &#8211; nicht zuletzt auch zur Entlastung der anderen Praxen am Ort &#8211; ab dem 18.02.2019 sogenannte Video-Sprechstunden einf\u00fchren. Voraussetzung daf\u00fcr ist ein zertifizierter Internetzugang, den die Praxis bereits eingerichtet hat. F\u00fcr die &#8222;Sprechstunde&#8220; ist beim Patienten ein Computer\/Laptop\/Tablet mit Internetzugang erforderlich. Die Internetadresse erfahren Sie in der Praxis. Um Zugang zum Wartebereich zu erhalten, bekommen Sie von uns ein Passwort. Das war&#8217;s. Nat\u00fcrlich &#8211; und das ist momentan der Hintergedanke &#8211; funktioniert das auch von der Praxis nach Hause, das hei\u00dft, ich kann mir zu Hause auch (ausgew\u00e4hlte) Patienten ansehen, die die Praxis aufsuchen und so vielleicht die eine oder andere \u00dcberweisung zum Kollegen einsparen.<\/p>\n<p>Erforderlich ist auch hier &#8211; wie sollte es anders sein in Deutschland &#8211; dass Sie als Patient einer solchen Daten\u00fcbertragung zustimmen. Die n\u00f6tigen Formulare finden Sie unter diesem Link:\u00a0<a href=\"https:\/\/www.kv-thueringen.de\">KV Th\u00fcringen<\/a><\/p>\n","protected":false},"excerpt":{"rendered":"<p>Seit 2017 wird in einigen Regionen Deutschlands bereits die sogenannte Tele-Medizin eingesetzt. Sie wird auch k\u00fcnftig nicht die &#8222;normale&#8220; Sprechstunde ersetzen. Es ist unsere feste \u00dcberzeugung , dass der direkte Arzt-Patienten-Kontakt durch nichts zu ersetzen ist. In allen F\u00e4llen, wo es darum geht, pers\u00f6nliche Erkenntnisse durch den Einsatz unserer f\u00fcnf Sinne zu erheben oder wo &hellip; <\/p>\n<p class=\"link-more\"><a href=\"https:\/\/praxis-beylich.de\/?page_id=1038\" class=\"more-link\"><span class=\"screen-reader-text\">\u201eTele-Medizin (Video-Sprechstunde)\u201c <\/span>weiterlesen<\/a><\/p>\n","protected":false},"author":1,"featured_media":0,"parent":0,"menu_order":0,"comment_status":"closed","ping_status":"closed","template":"","meta":{"_monsterinsights_skip_tracking":false,"_monsterinsights_sitenote_active":false,"_monsterinsights_sitenote_note":"","_monsterinsights_sitenote_category":0,"footnotes":""},"class_list":["post-1038","page","type-page","status-publish","hentry"],"yoast_head":"<!-- This site is optimized with the Yoast SEO plugin v27.4 - https:\/\/yoast.com\/product\/yoast-seo-wordpress\/ -->\n<title>Tele-Medizin (Video-Sprechstunde) - PRAXIS F\u00dcR ALLGEMEINMEDIZIN<\/title>\n<meta name=\"robots\" content=\"index, follow, max-snippet:-1, max-image-preview:large, max-video-preview:-1\" \/>\n<link rel=\"canonical\" href=\"https:\/\/praxis-beylich.de\/?page_id=1038\" \/>\n<meta property=\"og:locale\" content=\"de_DE\" \/>\n<meta property=\"og:type\" content=\"article\" \/>\n<meta property=\"og:title\" content=\"Tele-Medizin (Video-Sprechstunde) - PRAXIS F\u00dcR ALLGEMEINMEDIZIN\" \/>\n<meta property=\"og:description\" content=\"Seit 2017 wird in einigen Regionen Deutschlands bereits die sogenannte Tele-Medizin eingesetzt. Sie wird auch k\u00fcnftig nicht die &#8222;normale&#8220; Sprechstunde ersetzen. Es ist unsere feste \u00dcberzeugung , dass der direkte Arzt-Patienten-Kontakt durch nichts zu ersetzen ist. In allen F\u00e4llen, wo es darum geht, pers\u00f6nliche Erkenntnisse durch den Einsatz unserer f\u00fcnf Sinne zu erheben oder wo &hellip; \u201eTele-Medizin (Video-Sprechstunde)\u201c weiterlesen\" \/>\n<meta property=\"og:url\" content=\"https:\/\/praxis-beylich.de\/?page_id=1038\" \/>\n<meta property=\"og:site_name\" content=\"PRAXIS F\u00dcR ALLGEMEINMEDIZIN\" \/>\n<meta property=\"article:modified_time\" content=\"2024-04-24T14:48:54+00:00\" \/>\n<meta name=\"twitter:card\" content=\"summary_large_image\" \/>\n<meta name=\"twitter:label1\" content=\"Gesch\u00e4tzte Lesezeit\" \/>\n\t<meta name=\"twitter:data1\" content=\"2\u00a0Minuten\" \/>\n<script type=\"application\/ld+json\" class=\"yoast-schema-graph\">{\"@context\":\"https:\\\/\\\/schema.org\",\"@graph\":[{\"@type\":\"WebPage\",\"@id\":\"https:\\\/\\\/praxis-beylich.de\\\/?page_id=1038\",\"url\":\"https:\\\/\\\/praxis-beylich.de\\\/?page_id=1038\",\"name\":\"Tele-Medizin (Video-Sprechstunde) - PRAXIS F\u00dcR ALLGEMEINMEDIZIN\",\"isPartOf\":{\"@id\":\"https:\\\/\\\/praxis-beylich.de\\\/#website\"},\"datePublished\":\"2019-02-13T16:39:15+00:00\",\"dateModified\":\"2024-04-24T14:48:54+00:00\",\"breadcrumb\":{\"@id\":\"https:\\\/\\\/praxis-beylich.de\\\/?page_id=1038#breadcrumb\"},\"inLanguage\":\"de\",\"potentialAction\":[{\"@type\":\"ReadAction\",\"target\":[\"https:\\\/\\\/praxis-beylich.de\\\/?page_id=1038\"]}]},{\"@type\":\"BreadcrumbList\",\"@id\":\"https:\\\/\\\/praxis-beylich.de\\\/?page_id=1038#breadcrumb\",\"itemListElement\":[{\"@type\":\"ListItem\",\"position\":1,\"name\":\"Startseite\",\"item\":\"https:\\\/\\\/praxis-beylich.de\\\/\"},{\"@type\":\"ListItem\",\"position\":2,\"name\":\"Tele-Medizin (Video-Sprechstunde)\"}]},{\"@type\":\"WebSite\",\"@id\":\"https:\\\/\\\/praxis-beylich.de\\\/#website\",\"url\":\"https:\\\/\\\/praxis-beylich.de\\\/\",\"name\":\"PRAXIS F\u00dcR ALLGEMEINMEDIZIN\",\"description\":\"Dipl.-Med. Michael Beylich, Facharzt f\u00fcr Allgemeinmedizin, Notarzt, Badearzt, Akupunkturarzt\",\"publisher\":{\"@id\":\"https:\\\/\\\/praxis-beylich.de\\\/#organization\"},\"potentialAction\":[{\"@type\":\"SearchAction\",\"target\":{\"@type\":\"EntryPoint\",\"urlTemplate\":\"https:\\\/\\\/praxis-beylich.de\\\/?s={search_term_string}\"},\"query-input\":{\"@type\":\"PropertyValueSpecification\",\"valueRequired\":true,\"valueName\":\"search_term_string\"}}],\"inLanguage\":\"de\"},{\"@type\":\"Organization\",\"@id\":\"https:\\\/\\\/praxis-beylich.de\\\/#organization\",\"name\":\"Praxis f\u00fcr Allgemeinmedizin\",\"url\":\"https:\\\/\\\/praxis-beylich.de\\\/\",\"logo\":{\"@type\":\"ImageObject\",\"inLanguage\":\"de\",\"@id\":\"https:\\\/\\\/praxis-beylich.de\\\/#\\\/schema\\\/logo\\\/image\\\/\",\"url\":\"http:\\\/\\\/praxis-beylich.de\\\/wp-content\\\/uploads\\\/2018\\\/01\\\/YinYang-1.png\",\"contentUrl\":\"http:\\\/\\\/praxis-beylich.de\\\/wp-content\\\/uploads\\\/2018\\\/01\\\/YinYang-1.png\",\"width\":133,\"height\":134,\"caption\":\"Praxis f\u00fcr Allgemeinmedizin\"},\"image\":{\"@id\":\"https:\\\/\\\/praxis-beylich.de\\\/#\\\/schema\\\/logo\\\/image\\\/\"}}]}<\/script>\n<!-- \/ Yoast SEO plugin. -->","yoast_head_json":{"title":"Tele-Medizin (Video-Sprechstunde) - PRAXIS F\u00dcR ALLGEMEINMEDIZIN","robots":{"index":"index","follow":"follow","max-snippet":"max-snippet:-1","max-image-preview":"max-image-preview:large","max-video-preview":"max-video-preview:-1"},"canonical":"https:\/\/praxis-beylich.de\/?page_id=1038","og_locale":"de_DE","og_type":"article","og_title":"Tele-Medizin (Video-Sprechstunde) - PRAXIS F\u00dcR ALLGEMEINMEDIZIN","og_description":"Seit 2017 wird in einigen Regionen Deutschlands bereits die sogenannte Tele-Medizin eingesetzt. Sie wird auch k\u00fcnftig nicht die &#8222;normale&#8220; Sprechstunde ersetzen. Es ist unsere feste \u00dcberzeugung , dass der direkte Arzt-Patienten-Kontakt durch nichts zu ersetzen ist. In allen F\u00e4llen, wo es darum geht, pers\u00f6nliche Erkenntnisse durch den Einsatz unserer f\u00fcnf Sinne zu erheben oder wo &hellip; \u201eTele-Medizin (Video-Sprechstunde)\u201c weiterlesen","og_url":"https:\/\/praxis-beylich.de\/?page_id=1038","og_site_name":"PRAXIS F\u00dcR ALLGEMEINMEDIZIN","article_modified_time":"2024-04-24T14:48:54+00:00","twitter_card":"summary_large_image","twitter_misc":{"Gesch\u00e4tzte Lesezeit":"2\u00a0Minuten"},"schema":{"@context":"https:\/\/schema.org","@graph":[{"@type":"WebPage","@id":"https:\/\/praxis-beylich.de\/?page_id=1038","url":"https:\/\/praxis-beylich.de\/?page_id=1038","name":"Tele-Medizin (Video-Sprechstunde) - PRAXIS F\u00dcR ALLGEMEINMEDIZIN","isPartOf":{"@id":"https:\/\/praxis-beylich.de\/#website"},"datePublished":"2019-02-13T16:39:15+00:00","dateModified":"2024-04-24T14:48:54+00:00","breadcrumb":{"@id":"https:\/\/praxis-beylich.de\/?page_id=1038#breadcrumb"},"inLanguage":"de","potentialAction":[{"@type":"ReadAction","target":["https:\/\/praxis-beylich.de\/?page_id=1038"]}]},{"@type":"BreadcrumbList","@id":"https:\/\/praxis-beylich.de\/?page_id=1038#breadcrumb","itemListElement":[{"@type":"ListItem","position":1,"name":"Startseite","item":"https:\/\/praxis-beylich.de\/"},{"@type":"ListItem","position":2,"name":"Tele-Medizin (Video-Sprechstunde)"}]},{"@type":"WebSite","@id":"https:\/\/praxis-beylich.de\/#website","url":"https:\/\/praxis-beylich.de\/","name":"PRAXIS F\u00dcR ALLGEMEINMEDIZIN","description":"Dipl.-Med. Michael Beylich, Facharzt f\u00fcr Allgemeinmedizin, Notarzt, Badearzt, Akupunkturarzt","publisher":{"@id":"https:\/\/praxis-beylich.de\/#organization"},"potentialAction":[{"@type":"SearchAction","target":{"@type":"EntryPoint","urlTemplate":"https:\/\/praxis-beylich.de\/?s={search_term_string}"},"query-input":{"@type":"PropertyValueSpecification","valueRequired":true,"valueName":"search_term_string"}}],"inLanguage":"de"},{"@type":"Organization","@id":"https:\/\/praxis-beylich.de\/#organization","name":"Praxis f\u00fcr Allgemeinmedizin","url":"https:\/\/praxis-beylich.de\/","logo":{"@type":"ImageObject","inLanguage":"de","@id":"https:\/\/praxis-beylich.de\/#\/schema\/logo\/image\/","url":"http:\/\/praxis-beylich.de\/wp-content\/uploads\/2018\/01\/YinYang-1.png","contentUrl":"http:\/\/praxis-beylich.de\/wp-content\/uploads\/2018\/01\/YinYang-1.png","width":133,"height":134,"caption":"Praxis f\u00fcr Allgemeinmedizin"},"image":{"@id":"https:\/\/praxis-beylich.de\/#\/schema\/logo\/image\/"}}]}},"_links":{"self":[{"href":"https:\/\/praxis-beylich.de\/index.php?rest_route=\/wp\/v2\/pages\/1038","targetHints":{"allow":["GET"]}}],"collection":[{"href":"https:\/\/praxis-beylich.de\/index.php?rest_route=\/wp\/v2\/pages"}],"about":[{"href":"https:\/\/praxis-beylich.de\/index.php?rest_route=\/wp\/v2\/types\/page"}],"author":[{"embeddable":true,"href":"https:\/\/praxis-beylich.de\/index.php?rest_route=\/wp\/v2\/users\/1"}],"replies":[{"embeddable":true,"href":"https:\/\/praxis-beylich.de\/index.php?rest_route=%2Fwp%2Fv2%2Fcomments&post=1038"}],"version-history":[{"count":5,"href":"https:\/\/praxis-beylich.de\/index.php?rest_route=\/wp\/v2\/pages\/1038\/revisions"}],"predecessor-version":[{"id":2298,"href":"https:\/\/praxis-beylich.de\/index.php?rest_route=\/wp\/v2\/pages\/1038\/revisions\/2298"}],"wp:attachment":[{"href":"https:\/\/praxis-beylich.de\/index.php?rest_route=%2Fwp%2Fv2%2Fmedia&parent=1038"}],"curies":[{"name":"wp","href":"https:\/\/api.w.org\/{rel}","templated":true}]}}