{"id":109,"date":"2018-01-06T18:51:36","date_gmt":"2018-01-06T18:51:36","guid":{"rendered":"http:\/\/praxis-beylich.de\/?page_id=109"},"modified":"2025-03-20T12:53:34","modified_gmt":"2025-03-20T11:53:34","slug":"aktuelles","status":"publish","type":"page","link":"https:\/\/praxis-beylich.de\/?page_id=109","title":{"rendered":"Aktuelles"},"content":{"rendered":"\n<p>Liebe Patienten (auch weibliche und diverse sind gemeint!),<\/p>\n<p>Dieser Text stammt aus dem Jahr 2023, und man merkt momentan vom Klimawandel bei uns nicht viel. Aber die Hoffnung stirbt zuletzt, und so lassen wir ihn erst mal noch stehen. Man wei\u00df ja nie. Und f\u00fcr Ratschl\u00e4ge gegen Erfrierungen reicht\u2018s auch noch nicht. \ud83e\udd14<\/p>\n<p><br \/>Der Klimawandel macht auch vor uns nicht halt, und so stehen uns wieder einmal recht hei\u00dfe &#8211; und vor allem f\u00fcr \u00e4ltere und kreislaufschwache Menschen &#8211; anstrengende Tage bevor.<\/p>\n<p>Neben dem Schutz vor der Hitze ist vor allem auf eine ausreichende Zufuhr von Fl\u00fcssigkeiten und Mineralstoffen zu achten. Jeder wei\u00df das, aber viele ignorieren es. Und dann passiert es eben, dass der Kreislauf schlapp macht und der Notdienst pl\u00f6tzlich vor der T\u00fcr steht.<\/p>\n<p>Hier die Links zu den wichtigsten Seiten:<\/p>\n<p>Bundeszentrale f\u00fcr gesundheitliche Aufkl\u00e4rung<\/p>\n<p><a href=\"https:\/\/010.frnl.de\/lt\/t_go.php?i=51285&amp;e=MjUxMjUyOTc=&amp;l=-http--www.klinikum.uni-muenchen.de\/Bildungsmodule-Aerzte\/de\/index.html\">Ludwig-Maximilians-Universit\u00e4t M\u00fcnchen<\/a><\/p>\n<p>https:\/\/hitze.info<\/p>\n","protected":false},"excerpt":{"rendered":"<p>Liebe Patienten (auch weibliche und diverse sind gemeint!), Dieser Text stammt aus dem Jahr 2023, und man merkt momentan vom Klimawandel bei uns nicht viel. Aber die Hoffnung stirbt zuletzt, und so lassen wir ihn erst mal noch stehen. Man wei\u00df ja nie. Und f\u00fcr Ratschl\u00e4ge gegen Erfrierungen reicht\u2018s auch noch nicht. \ud83e\udd14 Der Klimawandel &hellip; <\/p>\n<p class=\"link-more\"><a href=\"https:\/\/praxis-beylich.de\/?page_id=109\" class=\"more-link\"><span class=\"screen-reader-text\">\u201eAktuelles\u201c <\/span>weiterlesen<\/a><\/p>\n","protected":false},"author":1,"featured_media":0,"parent":0,"menu_order":0,"comment_status":"closed","ping_status":"closed","template":"","meta":{"_monsterinsights_skip_tracking":false,"_monsterinsights_sitenote_active":false,"_monsterinsights_sitenote_note":"","_monsterinsights_sitenote_category":0,"footnotes":""},"class_list":["post-109","page","type-page","status-publish","hentry"],"yoast_head":"<!-- This site is optimized with the Yoast SEO plugin v27.4 - https:\/\/yoast.com\/product\/yoast-seo-wordpress\/ -->\n<title>Aktuelles - PRAXIS F\u00dcR ALLGEMEINMEDIZIN<\/title>\n<meta name=\"robots\" content=\"index, follow, max-snippet:-1, max-image-preview:large, max-video-preview:-1\" \/>\n<link rel=\"canonical\" href=\"https:\/\/praxis-beylich.de\/?page_id=109\" \/>\n<meta property=\"og:locale\" content=\"de_DE\" \/>\n<meta property=\"og:type\" content=\"article\" \/>\n<meta property=\"og:title\" content=\"Aktuelles - PRAXIS F\u00dcR ALLGEMEINMEDIZIN\" \/>\n<meta property=\"og:description\" content=\"Liebe Patienten (auch weibliche und diverse sind gemeint!), Dieser Text stammt aus dem Jahr 2023, und man merkt momentan vom Klimawandel bei uns nicht viel. Aber die Hoffnung stirbt zuletzt, und so lassen wir ihn erst mal noch stehen. Man wei\u00df ja nie. Und f\u00fcr Ratschl\u00e4ge gegen Erfrierungen reicht\u2018s auch noch nicht. \ud83e\udd14 Der Klimawandel &hellip; \u201eAktuelles\u201c weiterlesen\" \/>\n<meta property=\"og:url\" content=\"https:\/\/praxis-beylich.de\/?page_id=109\" \/>\n<meta property=\"og:site_name\" content=\"PRAXIS F\u00dcR ALLGEMEINMEDIZIN\" \/>\n<meta property=\"article:modified_time\" content=\"2025-03-20T11:53:34+00:00\" \/>\n<meta name=\"twitter:card\" content=\"summary_large_image\" \/>\n<meta name=\"twitter:label1\" content=\"Gesch\u00e4tzte Lesezeit\" \/>\n\t<meta name=\"twitter:data1\" content=\"1\u00a0Minute\" \/>\n<script type=\"application\/ld+json\" class=\"yoast-schema-graph\">{\"@context\":\"https:\\\/\\\/schema.org\",\"@graph\":[{\"@type\":\"WebPage\",\"@id\":\"https:\\\/\\\/praxis-beylich.de\\\/?page_id=109\",\"url\":\"https:\\\/\\\/praxis-beylich.de\\\/?page_id=109\",\"name\":\"Aktuelles - PRAXIS F\u00dcR ALLGEMEINMEDIZIN\",\"isPartOf\":{\"@id\":\"https:\\\/\\\/praxis-beylich.de\\\/#website\"},\"datePublished\":\"2018-01-06T18:51:36+00:00\",\"dateModified\":\"2025-03-20T11:53:34+00:00\",\"breadcrumb\":{\"@id\":\"https:\\\/\\\/praxis-beylich.de\\\/?page_id=109#breadcrumb\"},\"inLanguage\":\"de\",\"potentialAction\":[{\"@type\":\"ReadAction\",\"target\":[\"https:\\\/\\\/praxis-beylich.de\\\/?page_id=109\"]}]},{\"@type\":\"BreadcrumbList\",\"@id\":\"https:\\\/\\\/praxis-beylich.de\\\/?page_id=109#breadcrumb\",\"itemListElement\":[{\"@type\":\"ListItem\",\"position\":1,\"name\":\"Startseite\",\"item\":\"https:\\\/\\\/praxis-beylich.de\\\/\"},{\"@type\":\"ListItem\",\"position\":2,\"name\":\"Aktuelles\"}]},{\"@type\":\"WebSite\",\"@id\":\"https:\\\/\\\/praxis-beylich.de\\\/#website\",\"url\":\"https:\\\/\\\/praxis-beylich.de\\\/\",\"name\":\"PRAXIS F\u00dcR ALLGEMEINMEDIZIN\",\"description\":\"Dipl.-Med. Michael Beylich, Facharzt f\u00fcr Allgemeinmedizin, Notarzt, Badearzt, Akupunkturarzt\",\"publisher\":{\"@id\":\"https:\\\/\\\/praxis-beylich.de\\\/#organization\"},\"potentialAction\":[{\"@type\":\"SearchAction\",\"target\":{\"@type\":\"EntryPoint\",\"urlTemplate\":\"https:\\\/\\\/praxis-beylich.de\\\/?s={search_term_string}\"},\"query-input\":{\"@type\":\"PropertyValueSpecification\",\"valueRequired\":true,\"valueName\":\"search_term_string\"}}],\"inLanguage\":\"de\"},{\"@type\":\"Organization\",\"@id\":\"https:\\\/\\\/praxis-beylich.de\\\/#organization\",\"name\":\"Praxis f\u00fcr Allgemeinmedizin\",\"url\":\"https:\\\/\\\/praxis-beylich.de\\\/\",\"logo\":{\"@type\":\"ImageObject\",\"inLanguage\":\"de\",\"@id\":\"https:\\\/\\\/praxis-beylich.de\\\/#\\\/schema\\\/logo\\\/image\\\/\",\"url\":\"http:\\\/\\\/praxis-beylich.de\\\/wp-content\\\/uploads\\\/2018\\\/01\\\/YinYang-1.png\",\"contentUrl\":\"http:\\\/\\\/praxis-beylich.de\\\/wp-content\\\/uploads\\\/2018\\\/01\\\/YinYang-1.png\",\"width\":133,\"height\":134,\"caption\":\"Praxis f\u00fcr Allgemeinmedizin\"},\"image\":{\"@id\":\"https:\\\/\\\/praxis-beylich.de\\\/#\\\/schema\\\/logo\\\/image\\\/\"}}]}<\/script>\n<!-- \/ Yoast SEO plugin. -->","yoast_head_json":{"title":"Aktuelles - PRAXIS F\u00dcR ALLGEMEINMEDIZIN","robots":{"index":"index","follow":"follow","max-snippet":"max-snippet:-1","max-image-preview":"max-image-preview:large","max-video-preview":"max-video-preview:-1"},"canonical":"https:\/\/praxis-beylich.de\/?page_id=109","og_locale":"de_DE","og_type":"article","og_title":"Aktuelles - PRAXIS F\u00dcR ALLGEMEINMEDIZIN","og_description":"Liebe Patienten (auch weibliche und diverse sind gemeint!), Dieser Text stammt aus dem Jahr 2023, und man merkt momentan vom Klimawandel bei uns nicht viel. Aber die Hoffnung stirbt zuletzt, und so lassen wir ihn erst mal noch stehen. Man wei\u00df ja nie. Und f\u00fcr Ratschl\u00e4ge gegen Erfrierungen reicht\u2018s auch noch nicht. \ud83e\udd14 Der Klimawandel &hellip; \u201eAktuelles\u201c weiterlesen","og_url":"https:\/\/praxis-beylich.de\/?page_id=109","og_site_name":"PRAXIS F\u00dcR ALLGEMEINMEDIZIN","article_modified_time":"2025-03-20T11:53:34+00:00","twitter_card":"summary_large_image","twitter_misc":{"Gesch\u00e4tzte Lesezeit":"1\u00a0Minute"},"schema":{"@context":"https:\/\/schema.org","@graph":[{"@type":"WebPage","@id":"https:\/\/praxis-beylich.de\/?page_id=109","url":"https:\/\/praxis-beylich.de\/?page_id=109","name":"Aktuelles - PRAXIS F\u00dcR ALLGEMEINMEDIZIN","isPartOf":{"@id":"https:\/\/praxis-beylich.de\/#website"},"datePublished":"2018-01-06T18:51:36+00:00","dateModified":"2025-03-20T11:53:34+00:00","breadcrumb":{"@id":"https:\/\/praxis-beylich.de\/?page_id=109#breadcrumb"},"inLanguage":"de","potentialAction":[{"@type":"ReadAction","target":["https:\/\/praxis-beylich.de\/?page_id=109"]}]},{"@type":"BreadcrumbList","@id":"https:\/\/praxis-beylich.de\/?page_id=109#breadcrumb","itemListElement":[{"@type":"ListItem","position":1,"name":"Startseite","item":"https:\/\/praxis-beylich.de\/"},{"@type":"ListItem","position":2,"name":"Aktuelles"}]},{"@type":"WebSite","@id":"https:\/\/praxis-beylich.de\/#website","url":"https:\/\/praxis-beylich.de\/","name":"PRAXIS F\u00dcR ALLGEMEINMEDIZIN","description":"Dipl.-Med. Michael Beylich, Facharzt f\u00fcr Allgemeinmedizin, Notarzt, Badearzt, Akupunkturarzt","publisher":{"@id":"https:\/\/praxis-beylich.de\/#organization"},"potentialAction":[{"@type":"SearchAction","target":{"@type":"EntryPoint","urlTemplate":"https:\/\/praxis-beylich.de\/?s={search_term_string}"},"query-input":{"@type":"PropertyValueSpecification","valueRequired":true,"valueName":"search_term_string"}}],"inLanguage":"de"},{"@type":"Organization","@id":"https:\/\/praxis-beylich.de\/#organization","name":"Praxis f\u00fcr Allgemeinmedizin","url":"https:\/\/praxis-beylich.de\/","logo":{"@type":"ImageObject","inLanguage":"de","@id":"https:\/\/praxis-beylich.de\/#\/schema\/logo\/image\/","url":"http:\/\/praxis-beylich.de\/wp-content\/uploads\/2018\/01\/YinYang-1.png","contentUrl":"http:\/\/praxis-beylich.de\/wp-content\/uploads\/2018\/01\/YinYang-1.png","width":133,"height":134,"caption":"Praxis f\u00fcr Allgemeinmedizin"},"image":{"@id":"https:\/\/praxis-beylich.de\/#\/schema\/logo\/image\/"}}]}},"_links":{"self":[{"href":"https:\/\/praxis-beylich.de\/index.php?rest_route=\/wp\/v2\/pages\/109","targetHints":{"allow":["GET"]}}],"collection":[{"href":"https:\/\/praxis-beylich.de\/index.php?rest_route=\/wp\/v2\/pages"}],"about":[{"href":"https:\/\/praxis-beylich.de\/index.php?rest_route=\/wp\/v2\/types\/page"}],"author":[{"embeddable":true,"href":"https:\/\/praxis-beylich.de\/index.php?rest_route=\/wp\/v2\/users\/1"}],"replies":[{"embeddable":true,"href":"https:\/\/praxis-beylich.de\/index.php?rest_route=%2Fwp%2Fv2%2Fcomments&post=109"}],"version-history":[{"count":12,"href":"https:\/\/praxis-beylich.de\/index.php?rest_route=\/wp\/v2\/pages\/109\/revisions"}],"predecessor-version":[{"id":2419,"href":"https:\/\/praxis-beylich.de\/index.php?rest_route=\/wp\/v2\/pages\/109\/revisions\/2419"}],"wp:attachment":[{"href":"https:\/\/praxis-beylich.de\/index.php?rest_route=%2Fwp%2Fv2%2Fmedia&parent=109"}],"curies":[{"name":"wp","href":"https:\/\/api.w.org\/{rel}","templated":true}]}}