{"id":1700,"date":"2020-09-01T16:10:54","date_gmt":"2020-09-01T14:10:54","guid":{"rendered":"http:\/\/praxis-beylich.de\/?page_id=1700"},"modified":"2020-09-01T16:10:54","modified_gmt":"2020-09-01T14:10:54","slug":"krafttraining-im-alter","status":"publish","type":"page","link":"https:\/\/praxis-beylich.de\/?page_id=1700","title":{"rendered":"Krafttraining im Alter?"},"content":{"rendered":"<h1 class=\"text-center\">Muskelaufbautraining ist in jedem Alter wichtig<\/h1>\n<div class=\"image-center\">\n<div class=\"image-wrapper\"><picture><img fetchpriority=\"high\" decoding=\"async\" class=\"alignnone  wp-image-1701\" src=\"https:\/\/praxis-beylich.de\/wp-content\/uploads\/2020\/09\/KieserKraft-300x126.jpg\" alt=\"\" width=\"795\" height=\"334\" srcset=\"https:\/\/praxis-beylich.de\/wp-content\/uploads\/2020\/09\/KieserKraft-300x126.jpg 300w, https:\/\/praxis-beylich.de\/wp-content\/uploads\/2020\/09\/KieserKraft-1024x431.jpg 1024w, https:\/\/praxis-beylich.de\/wp-content\/uploads\/2020\/09\/KieserKraft-768x323.jpg 768w, https:\/\/praxis-beylich.de\/wp-content\/uploads\/2020\/09\/KieserKraft-1536x646.jpg 1536w, https:\/\/praxis-beylich.de\/wp-content\/uploads\/2020\/09\/KieserKraft.jpg 1794w\" sizes=\"(max-width: 767px) 89vw, (max-width: 1000px) 54vw, (max-width: 1071px) 543px, 580px\" \/><\/picture><\/div>\n<\/div>\n<p>Prof. Dr. Dr. J\u00fcrgen Gie\u00dfing<br \/>\nLeiter des Instituts f\u00fcr Sportwissenschaft an der Universit\u00e4t Koblenz-Landau<\/p>\n<h5>Warum sollten Menschen h\u00f6heren Semesters Krafttraining machen?<\/h5>\n<p>Muskelaufbautraining ist in jedem Alter wichtig. Aber ganz besonders in h\u00f6herem Alter. Wenn man nicht trainiert, verliert man im Alter Muskel- und Knochenmasse. Dieser Muskelmassenverlust liegt bei Menschen, die nicht trainieren, zwischen ein bis zu drei Prozent pro Jahr. Das gibt eine ganze Reihe von Problemen, die den Alltag, aber auch die Gesundheit betreffen.<\/p>\n<h5>Welche sind das?<\/h5>\n<p>Ganz plakativ: Alltagsaktivit\u00e4ten fallen zunehmend schwer: Einkaufst\u00fcten schleppen, Treppen steigen, Aufstehen, etc. Gleichzeitig steigt das Sturzrisiko. Zudem ist unsere Muskelmasse unser gr\u00f6\u00dftes Organ und damit eins der wichtigsten. Es produziert Hormone und hormon\u00e4hnliche Botenstoffe, die f\u00fcr die Funktion unserer Organe essenziell sind. Auch die K\u00f6rperzusammensetzung ver\u00e4ndert sich ohne Training negativ. Wenn ich nicht trainiere, habe ich auf der einen Seite viel weniger Muskelmasse als in j\u00fcngeren Jahren. Gleichzeitig baue ich Fettmasse auf. Das geschieht erst einmal unbemerkt, denn das Gewicht ver\u00e4ndert sich m\u00f6glicherweise nicht. Esse ich gleich viel wie zuvor, nehme ich unweigerlich zu.<\/p>\n<h5>Was kann ich konkret tun?<\/h5>\n<p>Dieser k\u00f6rperliche Verfall l\u00e4sst sich durch Krafttraining nicht nur aufhalten, sondern sogar umkehren. Das best\u00e4tigt noch einmal eine Studie, die wir 2017 durchgef\u00fchrt haben. 60 bis 80-j\u00e4hrige Teilnehmer und Teilnehmerinnen haben ein halbes Jahr lang ein hochintensives Muskeltraining absolviert. Die Probanden konnten den Muskelmassenverlust nicht nur stoppen, sondern sogar Muskelmasse aufbauen und ihre Kraft enorm verbessern. Obwohl sie am Schluss der Studie ein halbes Jahr \u00e4lter waren, hat sich die K\u00f6rperzusammensetzung verbessert und sie waren besser in Form. Die Teilnehmer verbesserten sich bei allen gemessenen Alltagsaktivit\u00e4ten. Ob Treppensteigen, Aufstehen, Einkauft\u00fcten tragen, die Belastungen fielen den Probanden nach einem halben Jahr deutlich leichter. Und nicht zuletzt hat sich auch das Wohlbefinden deutlich verbessert. Einige unserer Studienteilnehmer hatten sogar einen Zugewinn an Knochenmasse \u2013 etwas, was man in dem Alter fr\u00fcher f\u00fcr unm\u00f6glich hielt. Will man die Knochendichte erh\u00f6hen, muss man allerdings mehrere Jahre trainieren und am besten nicht mehr aufh\u00f6ren. Die Muskelmasse hat das Zeug, uns bestm\u00f6glich vor typischen Alterserscheinungen zu sch\u00fctzen. Stichwort Diabetes.<\/p>\n<h5>Ist da nicht die Ern\u00e4hrung ausschlaggebend?<\/h5>\n<p>Auch, aber nicht nur. Wir haben im K\u00f6rper zwei Orte, in denen wir Kohlenhydrate einlagern k\u00f6nnen: die Leber und die Muskulatur. Die Speicherkapazit\u00e4t der Leber ist begrenzt. Ein deutlich gr\u00f6\u00dferer Speicher ist die Muskulatur. Verliere ich Muskelmasse, kann ich weniger Glykogen einlagern. Das hat zur Folge, dass der K\u00f6rper mehr Insulin aussto\u00dfen muss, um den Blutzuckerspiegel nach Mahlzeiten zu regulieren. Menschen mit mehr Muskelmasse haben eine viel h\u00f6here Insulinsensibilit\u00e4t und schonen damit ihre Bauchspeicheldr\u00fcse. Die j\u00fcngsten wissenschaftlichen Ergebnisse deuten darauf hin, dass man mit dem Aufbau von Muskelmasse sehr gut etwas gegen Diabetes Mellitus-Typ 2 tun kann.<\/p>\n<h5>Spricht also vieles f\u00fcr Krafttraining \u2026<\/h5>\n<p>Fakt ist: ein \u00e4lterer Mensch, der sich gut ern\u00e4hrt und regelm\u00e4\u00dfig Krafttraining macht, kann die K\u00f6rperzusammensetzung eines jungen Menschen und damit eine starke Basis f\u00fcr eine gute Gesundheit haben. <strong>Krafttraining ist die beste Anti-Aging-Ma\u00dfnahme.<\/strong><\/p>\n","protected":false},"excerpt":{"rendered":"<p>Muskelaufbautraining ist in jedem Alter wichtig Prof. Dr. Dr. J\u00fcrgen Gie\u00dfing Leiter des Instituts f\u00fcr Sportwissenschaft an der Universit\u00e4t Koblenz-Landau Warum sollten Menschen h\u00f6heren Semesters Krafttraining machen? Muskelaufbautraining ist in jedem Alter wichtig. Aber ganz besonders in h\u00f6herem Alter. Wenn man nicht trainiert, verliert man im Alter Muskel- und Knochenmasse. Dieser Muskelmassenverlust liegt bei Menschen, &hellip; <\/p>\n<p class=\"link-more\"><a href=\"https:\/\/praxis-beylich.de\/?page_id=1700\" class=\"more-link\"><span class=\"screen-reader-text\">\u201eKrafttraining im Alter?\u201c <\/span>weiterlesen<\/a><\/p>\n","protected":false},"author":1,"featured_media":0,"parent":0,"menu_order":0,"comment_status":"closed","ping_status":"closed","template":"","meta":{"_monsterinsights_skip_tracking":false,"_monsterinsights_sitenote_active":false,"_monsterinsights_sitenote_note":"","_monsterinsights_sitenote_category":0,"footnotes":""},"class_list":["post-1700","page","type-page","status-publish","hentry"],"yoast_head":"<!-- This site is optimized with the Yoast SEO plugin v27.5 - https:\/\/yoast.com\/product\/yoast-seo-wordpress\/ -->\n<title>Krafttraining im Alter? - PRAXIS F\u00dcR ALLGEMEINMEDIZIN<\/title>\n<meta name=\"robots\" content=\"index, follow, max-snippet:-1, max-image-preview:large, max-video-preview:-1\" \/>\n<link rel=\"canonical\" href=\"https:\/\/praxis-beylich.de\/?page_id=1700\" \/>\n<meta property=\"og:locale\" content=\"de_DE\" \/>\n<meta property=\"og:type\" content=\"article\" \/>\n<meta property=\"og:title\" content=\"Krafttraining im Alter? - PRAXIS F\u00dcR ALLGEMEINMEDIZIN\" \/>\n<meta property=\"og:description\" content=\"Muskelaufbautraining ist in jedem Alter wichtig Prof. Dr. Dr. J\u00fcrgen Gie\u00dfing Leiter des Instituts f\u00fcr Sportwissenschaft an der Universit\u00e4t Koblenz-Landau Warum sollten Menschen h\u00f6heren Semesters Krafttraining machen? Muskelaufbautraining ist in jedem Alter wichtig. Aber ganz besonders in h\u00f6herem Alter. Wenn man nicht trainiert, verliert man im Alter Muskel- und Knochenmasse. Dieser Muskelmassenverlust liegt bei Menschen, &hellip; \u201eKrafttraining im Alter?\u201c weiterlesen\" \/>\n<meta property=\"og:url\" content=\"https:\/\/praxis-beylich.de\/?page_id=1700\" \/>\n<meta property=\"og:site_name\" content=\"PRAXIS F\u00dcR ALLGEMEINMEDIZIN\" \/>\n<meta property=\"og:image\" content=\"http:\/\/praxis-beylich.de\/wp-content\/uploads\/2020\/09\/KieserKraft-300x126.jpg\" \/>\n<meta name=\"twitter:card\" content=\"summary_large_image\" \/>\n<meta name=\"twitter:label1\" content=\"Gesch\u00e4tzte Lesezeit\" \/>\n\t<meta name=\"twitter:data1\" content=\"3\u00a0Minuten\" \/>\n<script type=\"application\/ld+json\" class=\"yoast-schema-graph\">{\"@context\":\"https:\\\/\\\/schema.org\",\"@graph\":[{\"@type\":\"WebPage\",\"@id\":\"https:\\\/\\\/praxis-beylich.de\\\/?page_id=1700\",\"url\":\"https:\\\/\\\/praxis-beylich.de\\\/?page_id=1700\",\"name\":\"Krafttraining im Alter? - PRAXIS F\u00dcR ALLGEMEINMEDIZIN\",\"isPartOf\":{\"@id\":\"https:\\\/\\\/praxis-beylich.de\\\/#website\"},\"primaryImageOfPage\":{\"@id\":\"https:\\\/\\\/praxis-beylich.de\\\/?page_id=1700#primaryimage\"},\"image\":{\"@id\":\"https:\\\/\\\/praxis-beylich.de\\\/?page_id=1700#primaryimage\"},\"thumbnailUrl\":\"http:\\\/\\\/praxis-beylich.de\\\/wp-content\\\/uploads\\\/2020\\\/09\\\/KieserKraft-300x126.jpg\",\"datePublished\":\"2020-09-01T14:10:54+00:00\",\"breadcrumb\":{\"@id\":\"https:\\\/\\\/praxis-beylich.de\\\/?page_id=1700#breadcrumb\"},\"inLanguage\":\"de\",\"potentialAction\":[{\"@type\":\"ReadAction\",\"target\":[\"https:\\\/\\\/praxis-beylich.de\\\/?page_id=1700\"]}]},{\"@type\":\"ImageObject\",\"inLanguage\":\"de\",\"@id\":\"https:\\\/\\\/praxis-beylich.de\\\/?page_id=1700#primaryimage\",\"url\":\"http:\\\/\\\/praxis-beylich.de\\\/wp-content\\\/uploads\\\/2020\\\/09\\\/KieserKraft-300x126.jpg\",\"contentUrl\":\"http:\\\/\\\/praxis-beylich.de\\\/wp-content\\\/uploads\\\/2020\\\/09\\\/KieserKraft-300x126.jpg\"},{\"@type\":\"BreadcrumbList\",\"@id\":\"https:\\\/\\\/praxis-beylich.de\\\/?page_id=1700#breadcrumb\",\"itemListElement\":[{\"@type\":\"ListItem\",\"position\":1,\"name\":\"Startseite\",\"item\":\"https:\\\/\\\/praxis-beylich.de\\\/\"},{\"@type\":\"ListItem\",\"position\":2,\"name\":\"Krafttraining im Alter?\"}]},{\"@type\":\"WebSite\",\"@id\":\"https:\\\/\\\/praxis-beylich.de\\\/#website\",\"url\":\"https:\\\/\\\/praxis-beylich.de\\\/\",\"name\":\"PRAXIS F\u00dcR ALLGEMEINMEDIZIN\",\"description\":\"Dipl.-Med. Michael Beylich, Facharzt f\u00fcr Allgemeinmedizin, Notarzt, Badearzt, Akupunkturarzt\",\"publisher\":{\"@id\":\"https:\\\/\\\/praxis-beylich.de\\\/#organization\"},\"potentialAction\":[{\"@type\":\"SearchAction\",\"target\":{\"@type\":\"EntryPoint\",\"urlTemplate\":\"https:\\\/\\\/praxis-beylich.de\\\/?s={search_term_string}\"},\"query-input\":{\"@type\":\"PropertyValueSpecification\",\"valueRequired\":true,\"valueName\":\"search_term_string\"}}],\"inLanguage\":\"de\"},{\"@type\":\"Organization\",\"@id\":\"https:\\\/\\\/praxis-beylich.de\\\/#organization\",\"name\":\"Praxis f\u00fcr Allgemeinmedizin\",\"url\":\"https:\\\/\\\/praxis-beylich.de\\\/\",\"logo\":{\"@type\":\"ImageObject\",\"inLanguage\":\"de\",\"@id\":\"https:\\\/\\\/praxis-beylich.de\\\/#\\\/schema\\\/logo\\\/image\\\/\",\"url\":\"http:\\\/\\\/praxis-beylich.de\\\/wp-content\\\/uploads\\\/2018\\\/01\\\/YinYang-1.png\",\"contentUrl\":\"http:\\\/\\\/praxis-beylich.de\\\/wp-content\\\/uploads\\\/2018\\\/01\\\/YinYang-1.png\",\"width\":133,\"height\":134,\"caption\":\"Praxis f\u00fcr Allgemeinmedizin\"},\"image\":{\"@id\":\"https:\\\/\\\/praxis-beylich.de\\\/#\\\/schema\\\/logo\\\/image\\\/\"}}]}<\/script>\n<!-- \/ Yoast SEO plugin. -->","yoast_head_json":{"title":"Krafttraining im Alter? - PRAXIS F\u00dcR ALLGEMEINMEDIZIN","robots":{"index":"index","follow":"follow","max-snippet":"max-snippet:-1","max-image-preview":"max-image-preview:large","max-video-preview":"max-video-preview:-1"},"canonical":"https:\/\/praxis-beylich.de\/?page_id=1700","og_locale":"de_DE","og_type":"article","og_title":"Krafttraining im Alter? - PRAXIS F\u00dcR ALLGEMEINMEDIZIN","og_description":"Muskelaufbautraining ist in jedem Alter wichtig Prof. Dr. Dr. J\u00fcrgen Gie\u00dfing Leiter des Instituts f\u00fcr Sportwissenschaft an der Universit\u00e4t Koblenz-Landau Warum sollten Menschen h\u00f6heren Semesters Krafttraining machen? Muskelaufbautraining ist in jedem Alter wichtig. Aber ganz besonders in h\u00f6herem Alter. Wenn man nicht trainiert, verliert man im Alter Muskel- und Knochenmasse. Dieser Muskelmassenverlust liegt bei Menschen, &hellip; \u201eKrafttraining im Alter?\u201c weiterlesen","og_url":"https:\/\/praxis-beylich.de\/?page_id=1700","og_site_name":"PRAXIS F\u00dcR ALLGEMEINMEDIZIN","og_image":[{"url":"http:\/\/praxis-beylich.de\/wp-content\/uploads\/2020\/09\/KieserKraft-300x126.jpg","type":"","width":"","height":""}],"twitter_card":"summary_large_image","twitter_misc":{"Gesch\u00e4tzte Lesezeit":"3\u00a0Minuten"},"schema":{"@context":"https:\/\/schema.org","@graph":[{"@type":"WebPage","@id":"https:\/\/praxis-beylich.de\/?page_id=1700","url":"https:\/\/praxis-beylich.de\/?page_id=1700","name":"Krafttraining im Alter? - PRAXIS F\u00dcR ALLGEMEINMEDIZIN","isPartOf":{"@id":"https:\/\/praxis-beylich.de\/#website"},"primaryImageOfPage":{"@id":"https:\/\/praxis-beylich.de\/?page_id=1700#primaryimage"},"image":{"@id":"https:\/\/praxis-beylich.de\/?page_id=1700#primaryimage"},"thumbnailUrl":"http:\/\/praxis-beylich.de\/wp-content\/uploads\/2020\/09\/KieserKraft-300x126.jpg","datePublished":"2020-09-01T14:10:54+00:00","breadcrumb":{"@id":"https:\/\/praxis-beylich.de\/?page_id=1700#breadcrumb"},"inLanguage":"de","potentialAction":[{"@type":"ReadAction","target":["https:\/\/praxis-beylich.de\/?page_id=1700"]}]},{"@type":"ImageObject","inLanguage":"de","@id":"https:\/\/praxis-beylich.de\/?page_id=1700#primaryimage","url":"http:\/\/praxis-beylich.de\/wp-content\/uploads\/2020\/09\/KieserKraft-300x126.jpg","contentUrl":"http:\/\/praxis-beylich.de\/wp-content\/uploads\/2020\/09\/KieserKraft-300x126.jpg"},{"@type":"BreadcrumbList","@id":"https:\/\/praxis-beylich.de\/?page_id=1700#breadcrumb","itemListElement":[{"@type":"ListItem","position":1,"name":"Startseite","item":"https:\/\/praxis-beylich.de\/"},{"@type":"ListItem","position":2,"name":"Krafttraining im Alter?"}]},{"@type":"WebSite","@id":"https:\/\/praxis-beylich.de\/#website","url":"https:\/\/praxis-beylich.de\/","name":"PRAXIS F\u00dcR ALLGEMEINMEDIZIN","description":"Dipl.-Med. Michael Beylich, Facharzt f\u00fcr Allgemeinmedizin, Notarzt, Badearzt, Akupunkturarzt","publisher":{"@id":"https:\/\/praxis-beylich.de\/#organization"},"potentialAction":[{"@type":"SearchAction","target":{"@type":"EntryPoint","urlTemplate":"https:\/\/praxis-beylich.de\/?s={search_term_string}"},"query-input":{"@type":"PropertyValueSpecification","valueRequired":true,"valueName":"search_term_string"}}],"inLanguage":"de"},{"@type":"Organization","@id":"https:\/\/praxis-beylich.de\/#organization","name":"Praxis f\u00fcr Allgemeinmedizin","url":"https:\/\/praxis-beylich.de\/","logo":{"@type":"ImageObject","inLanguage":"de","@id":"https:\/\/praxis-beylich.de\/#\/schema\/logo\/image\/","url":"http:\/\/praxis-beylich.de\/wp-content\/uploads\/2018\/01\/YinYang-1.png","contentUrl":"http:\/\/praxis-beylich.de\/wp-content\/uploads\/2018\/01\/YinYang-1.png","width":133,"height":134,"caption":"Praxis f\u00fcr Allgemeinmedizin"},"image":{"@id":"https:\/\/praxis-beylich.de\/#\/schema\/logo\/image\/"}}]}},"_links":{"self":[{"href":"https:\/\/praxis-beylich.de\/index.php?rest_route=\/wp\/v2\/pages\/1700","targetHints":{"allow":["GET"]}}],"collection":[{"href":"https:\/\/praxis-beylich.de\/index.php?rest_route=\/wp\/v2\/pages"}],"about":[{"href":"https:\/\/praxis-beylich.de\/index.php?rest_route=\/wp\/v2\/types\/page"}],"author":[{"embeddable":true,"href":"https:\/\/praxis-beylich.de\/index.php?rest_route=\/wp\/v2\/users\/1"}],"replies":[{"embeddable":true,"href":"https:\/\/praxis-beylich.de\/index.php?rest_route=%2Fwp%2Fv2%2Fcomments&post=1700"}],"version-history":[{"count":1,"href":"https:\/\/praxis-beylich.de\/index.php?rest_route=\/wp\/v2\/pages\/1700\/revisions"}],"predecessor-version":[{"id":1702,"href":"https:\/\/praxis-beylich.de\/index.php?rest_route=\/wp\/v2\/pages\/1700\/revisions\/1702"}],"wp:attachment":[{"href":"https:\/\/praxis-beylich.de\/index.php?rest_route=%2Fwp%2Fv2%2Fmedia&parent=1700"}],"curies":[{"name":"wp","href":"https:\/\/api.w.org\/{rel}","templated":true}]}}