{"id":51,"date":"2018-01-05T22:51:46","date_gmt":"2018-01-05T22:51:46","guid":{"rendered":"http:\/\/praxis-beylich.de\/?page_id=51"},"modified":"2025-08-01T18:51:39","modified_gmt":"2025-08-01T16:51:39","slug":"praxis-geschichte","status":"publish","type":"page","link":"https:\/\/praxis-beylich.de\/?page_id=51","title":{"rendered":"Praxis-Geschichte"},"content":{"rendered":"<h1 class=\"title\">Unsere Geschichte<\/h1>\n<div>Unsere Praxis gibt es seit dem 01.12.1989. In den jetzigen R\u00e4umen praktizieren wir seit Januar 2010.<br \/>\nUnsere &#8222;Bad Tennstedter Geschichte&#8220; begann am 30. April 1981. Damals wurde in den R\u00e4umen des Stadtambulatoriums praktiziert.<br \/>\nMit der Wende 1989 wurde die Praxis in eigene R\u00e4ume in die M\u00fchlenstra\u00dfe 8 (ehemalige Neum\u00fchle) verlegt. Diese R\u00e4ume waren von der LPG Pflanzenproduktion &#8222;Salvador Allende&#8220;, Bad Tennstedt, bereits vor der Wende begonnen worden, in eine Betriebsambulanz umzubauen. Nachdem Grundst\u00fcck und Geb\u00e4ude f\u00fcr viel Geld gekauft worden waren, wurde unter &#8222;professioneller westlicher Leitung&#8220; der Umbau fertiggestellt.<br \/>\nSchon bald erwiesen sich die R\u00e4ume allerdings f\u00fcr die steigenden Patientenzahlen als v\u00f6llig ungen\u00fcgend. Und so wurde begonnen, die relativ gro\u00dfe und bisher ungenutzte Scheune (f\u00fcr noch mehr Geld) in drei Praxen und eine Wohnung umzubauen. 1995, kurze Zeit nach dem Bezug der neuen Praxis, brannte infolge Brandstiftung das Hauptgeb\u00e4ude, in dem sich unsere Praxis bisher befunden hatte, praktisch komplett nieder und wurde abgerissen.<br \/>\nInfolge Fehlplanung, Betrug der Baufirmen und Nichteinhaltung von Vertr\u00e4gen schlitterte die Praxis dann 2001 in die Insolvenz. Die 1996 durch Gesundheitsminister Seehofer eingeleitete Gesundheitsreform und der deutliche Umsatzr\u00fcckgang tat ihr \u00fcbriges dazu.<br \/>\nEin R\u00fcckkauf aus der Insolvenzmasse kam damals nicht in Frage, und hier schlie\u00dft sich der Kreis zum Bezug der jetzigen Praxisr\u00e4ume.<\/div>\n<div><\/div>\n","protected":false},"excerpt":{"rendered":"<p>Unsere Geschichte Unsere Praxis gibt es seit dem 01.12.1989. In den jetzigen R\u00e4umen praktizieren wir seit Januar 2010. Unsere &#8222;Bad Tennstedter Geschichte&#8220; begann am 30. April 1981. Damals wurde in den R\u00e4umen des Stadtambulatoriums praktiziert. Mit der Wende 1989 wurde die Praxis in eigene R\u00e4ume in die M\u00fchlenstra\u00dfe 8 (ehemalige Neum\u00fchle) verlegt. Diese R\u00e4ume waren &hellip; <\/p>\n<p class=\"link-more\"><a href=\"https:\/\/praxis-beylich.de\/?page_id=51\" class=\"more-link\"><span class=\"screen-reader-text\">\u201ePraxis-Geschichte\u201c <\/span>weiterlesen<\/a><\/p>\n","protected":false},"author":1,"featured_media":2202,"parent":0,"menu_order":1,"comment_status":"closed","ping_status":"closed","template":"","meta":{"_monsterinsights_skip_tracking":false,"_monsterinsights_sitenote_active":false,"_monsterinsights_sitenote_note":"","_monsterinsights_sitenote_category":0,"footnotes":""},"class_list":["post-51","page","type-page","status-publish","has-post-thumbnail","hentry"],"yoast_head":"<!-- This site is optimized with the Yoast SEO plugin v27.4 - https:\/\/yoast.com\/product\/yoast-seo-wordpress\/ -->\n<title>Praxis-Geschichte - PRAXIS F\u00dcR ALLGEMEINMEDIZIN<\/title>\n<meta name=\"robots\" content=\"index, follow, max-snippet:-1, max-image-preview:large, max-video-preview:-1\" \/>\n<link rel=\"canonical\" href=\"https:\/\/praxis-beylich.de\/?page_id=51\" \/>\n<meta property=\"og:locale\" content=\"de_DE\" \/>\n<meta property=\"og:type\" content=\"article\" \/>\n<meta property=\"og:title\" content=\"Praxis-Geschichte - PRAXIS F\u00dcR ALLGEMEINMEDIZIN\" \/>\n<meta property=\"og:description\" content=\"Unsere Geschichte Unsere Praxis gibt es seit dem 01.12.1989. In den jetzigen R\u00e4umen praktizieren wir seit Januar 2010. Unsere &#8222;Bad Tennstedter Geschichte&#8220; begann am 30. April 1981. Damals wurde in den R\u00e4umen des Stadtambulatoriums praktiziert. Mit der Wende 1989 wurde die Praxis in eigene R\u00e4ume in die M\u00fchlenstra\u00dfe 8 (ehemalige Neum\u00fchle) verlegt. Diese R\u00e4ume waren &hellip; \u201ePraxis-Geschichte\u201c weiterlesen\" \/>\n<meta property=\"og:url\" content=\"https:\/\/praxis-beylich.de\/?page_id=51\" \/>\n<meta property=\"og:site_name\" content=\"PRAXIS F\u00dcR ALLGEMEINMEDIZIN\" \/>\n<meta property=\"article:modified_time\" content=\"2025-08-01T16:51:39+00:00\" \/>\n<meta property=\"og:image\" content=\"https:\/\/praxis-beylich.de\/wp-content\/uploads\/2022\/11\/es-war-einmal-1.jpeg\" \/>\n\t<meta property=\"og:image:width\" content=\"250\" \/>\n\t<meta property=\"og:image:height\" content=\"250\" \/>\n\t<meta property=\"og:image:type\" content=\"image\/jpeg\" \/>\n<meta name=\"twitter:card\" content=\"summary_large_image\" \/>\n<meta name=\"twitter:label1\" content=\"Gesch\u00e4tzte Lesezeit\" \/>\n\t<meta name=\"twitter:data1\" content=\"2\u00a0Minuten\" \/>\n<script type=\"application\/ld+json\" class=\"yoast-schema-graph\">{\"@context\":\"https:\\\/\\\/schema.org\",\"@graph\":[{\"@type\":\"WebPage\",\"@id\":\"https:\\\/\\\/praxis-beylich.de\\\/?page_id=51\",\"url\":\"https:\\\/\\\/praxis-beylich.de\\\/?page_id=51\",\"name\":\"Praxis-Geschichte - PRAXIS F\u00dcR ALLGEMEINMEDIZIN\",\"isPartOf\":{\"@id\":\"https:\\\/\\\/praxis-beylich.de\\\/#website\"},\"primaryImageOfPage\":{\"@id\":\"https:\\\/\\\/praxis-beylich.de\\\/?page_id=51#primaryimage\"},\"image\":{\"@id\":\"https:\\\/\\\/praxis-beylich.de\\\/?page_id=51#primaryimage\"},\"thumbnailUrl\":\"https:\\\/\\\/praxis-beylich.de\\\/wp-content\\\/uploads\\\/2022\\\/11\\\/es-war-einmal-1.jpeg\",\"datePublished\":\"2018-01-05T22:51:46+00:00\",\"dateModified\":\"2025-08-01T16:51:39+00:00\",\"breadcrumb\":{\"@id\":\"https:\\\/\\\/praxis-beylich.de\\\/?page_id=51#breadcrumb\"},\"inLanguage\":\"de\",\"potentialAction\":[{\"@type\":\"ReadAction\",\"target\":[\"https:\\\/\\\/praxis-beylich.de\\\/?page_id=51\"]}]},{\"@type\":\"ImageObject\",\"inLanguage\":\"de\",\"@id\":\"https:\\\/\\\/praxis-beylich.de\\\/?page_id=51#primaryimage\",\"url\":\"https:\\\/\\\/praxis-beylich.de\\\/wp-content\\\/uploads\\\/2022\\\/11\\\/es-war-einmal-1.jpeg\",\"contentUrl\":\"https:\\\/\\\/praxis-beylich.de\\\/wp-content\\\/uploads\\\/2022\\\/11\\\/es-war-einmal-1.jpeg\",\"width\":250,\"height\":250},{\"@type\":\"BreadcrumbList\",\"@id\":\"https:\\\/\\\/praxis-beylich.de\\\/?page_id=51#breadcrumb\",\"itemListElement\":[{\"@type\":\"ListItem\",\"position\":1,\"name\":\"Startseite\",\"item\":\"https:\\\/\\\/praxis-beylich.de\\\/\"},{\"@type\":\"ListItem\",\"position\":2,\"name\":\"Praxis-Geschichte\"}]},{\"@type\":\"WebSite\",\"@id\":\"https:\\\/\\\/praxis-beylich.de\\\/#website\",\"url\":\"https:\\\/\\\/praxis-beylich.de\\\/\",\"name\":\"PRAXIS F\u00dcR ALLGEMEINMEDIZIN\",\"description\":\"Dipl.-Med. Michael Beylich, Facharzt f\u00fcr Allgemeinmedizin, Notarzt, Badearzt, Akupunkturarzt\",\"publisher\":{\"@id\":\"https:\\\/\\\/praxis-beylich.de\\\/#organization\"},\"potentialAction\":[{\"@type\":\"SearchAction\",\"target\":{\"@type\":\"EntryPoint\",\"urlTemplate\":\"https:\\\/\\\/praxis-beylich.de\\\/?s={search_term_string}\"},\"query-input\":{\"@type\":\"PropertyValueSpecification\",\"valueRequired\":true,\"valueName\":\"search_term_string\"}}],\"inLanguage\":\"de\"},{\"@type\":\"Organization\",\"@id\":\"https:\\\/\\\/praxis-beylich.de\\\/#organization\",\"name\":\"Praxis f\u00fcr Allgemeinmedizin\",\"url\":\"https:\\\/\\\/praxis-beylich.de\\\/\",\"logo\":{\"@type\":\"ImageObject\",\"inLanguage\":\"de\",\"@id\":\"https:\\\/\\\/praxis-beylich.de\\\/#\\\/schema\\\/logo\\\/image\\\/\",\"url\":\"http:\\\/\\\/praxis-beylich.de\\\/wp-content\\\/uploads\\\/2018\\\/01\\\/YinYang-1.png\",\"contentUrl\":\"http:\\\/\\\/praxis-beylich.de\\\/wp-content\\\/uploads\\\/2018\\\/01\\\/YinYang-1.png\",\"width\":133,\"height\":134,\"caption\":\"Praxis f\u00fcr Allgemeinmedizin\"},\"image\":{\"@id\":\"https:\\\/\\\/praxis-beylich.de\\\/#\\\/schema\\\/logo\\\/image\\\/\"}}]}<\/script>\n<!-- \/ Yoast SEO plugin. -->","yoast_head_json":{"title":"Praxis-Geschichte - PRAXIS F\u00dcR ALLGEMEINMEDIZIN","robots":{"index":"index","follow":"follow","max-snippet":"max-snippet:-1","max-image-preview":"max-image-preview:large","max-video-preview":"max-video-preview:-1"},"canonical":"https:\/\/praxis-beylich.de\/?page_id=51","og_locale":"de_DE","og_type":"article","og_title":"Praxis-Geschichte - PRAXIS F\u00dcR ALLGEMEINMEDIZIN","og_description":"Unsere Geschichte Unsere Praxis gibt es seit dem 01.12.1989. In den jetzigen R\u00e4umen praktizieren wir seit Januar 2010. Unsere &#8222;Bad Tennstedter Geschichte&#8220; begann am 30. April 1981. Damals wurde in den R\u00e4umen des Stadtambulatoriums praktiziert. Mit der Wende 1989 wurde die Praxis in eigene R\u00e4ume in die M\u00fchlenstra\u00dfe 8 (ehemalige Neum\u00fchle) verlegt. Diese R\u00e4ume waren &hellip; \u201ePraxis-Geschichte\u201c weiterlesen","og_url":"https:\/\/praxis-beylich.de\/?page_id=51","og_site_name":"PRAXIS F\u00dcR ALLGEMEINMEDIZIN","article_modified_time":"2025-08-01T16:51:39+00:00","og_image":[{"width":250,"height":250,"url":"https:\/\/praxis-beylich.de\/wp-content\/uploads\/2022\/11\/es-war-einmal-1.jpeg","type":"image\/jpeg"}],"twitter_card":"summary_large_image","twitter_misc":{"Gesch\u00e4tzte Lesezeit":"2\u00a0Minuten"},"schema":{"@context":"https:\/\/schema.org","@graph":[{"@type":"WebPage","@id":"https:\/\/praxis-beylich.de\/?page_id=51","url":"https:\/\/praxis-beylich.de\/?page_id=51","name":"Praxis-Geschichte - PRAXIS F\u00dcR ALLGEMEINMEDIZIN","isPartOf":{"@id":"https:\/\/praxis-beylich.de\/#website"},"primaryImageOfPage":{"@id":"https:\/\/praxis-beylich.de\/?page_id=51#primaryimage"},"image":{"@id":"https:\/\/praxis-beylich.de\/?page_id=51#primaryimage"},"thumbnailUrl":"https:\/\/praxis-beylich.de\/wp-content\/uploads\/2022\/11\/es-war-einmal-1.jpeg","datePublished":"2018-01-05T22:51:46+00:00","dateModified":"2025-08-01T16:51:39+00:00","breadcrumb":{"@id":"https:\/\/praxis-beylich.de\/?page_id=51#breadcrumb"},"inLanguage":"de","potentialAction":[{"@type":"ReadAction","target":["https:\/\/praxis-beylich.de\/?page_id=51"]}]},{"@type":"ImageObject","inLanguage":"de","@id":"https:\/\/praxis-beylich.de\/?page_id=51#primaryimage","url":"https:\/\/praxis-beylich.de\/wp-content\/uploads\/2022\/11\/es-war-einmal-1.jpeg","contentUrl":"https:\/\/praxis-beylich.de\/wp-content\/uploads\/2022\/11\/es-war-einmal-1.jpeg","width":250,"height":250},{"@type":"BreadcrumbList","@id":"https:\/\/praxis-beylich.de\/?page_id=51#breadcrumb","itemListElement":[{"@type":"ListItem","position":1,"name":"Startseite","item":"https:\/\/praxis-beylich.de\/"},{"@type":"ListItem","position":2,"name":"Praxis-Geschichte"}]},{"@type":"WebSite","@id":"https:\/\/praxis-beylich.de\/#website","url":"https:\/\/praxis-beylich.de\/","name":"PRAXIS F\u00dcR ALLGEMEINMEDIZIN","description":"Dipl.-Med. Michael Beylich, Facharzt f\u00fcr Allgemeinmedizin, Notarzt, Badearzt, Akupunkturarzt","publisher":{"@id":"https:\/\/praxis-beylich.de\/#organization"},"potentialAction":[{"@type":"SearchAction","target":{"@type":"EntryPoint","urlTemplate":"https:\/\/praxis-beylich.de\/?s={search_term_string}"},"query-input":{"@type":"PropertyValueSpecification","valueRequired":true,"valueName":"search_term_string"}}],"inLanguage":"de"},{"@type":"Organization","@id":"https:\/\/praxis-beylich.de\/#organization","name":"Praxis f\u00fcr Allgemeinmedizin","url":"https:\/\/praxis-beylich.de\/","logo":{"@type":"ImageObject","inLanguage":"de","@id":"https:\/\/praxis-beylich.de\/#\/schema\/logo\/image\/","url":"http:\/\/praxis-beylich.de\/wp-content\/uploads\/2018\/01\/YinYang-1.png","contentUrl":"http:\/\/praxis-beylich.de\/wp-content\/uploads\/2018\/01\/YinYang-1.png","width":133,"height":134,"caption":"Praxis f\u00fcr Allgemeinmedizin"},"image":{"@id":"https:\/\/praxis-beylich.de\/#\/schema\/logo\/image\/"}}]}},"_links":{"self":[{"href":"https:\/\/praxis-beylich.de\/index.php?rest_route=\/wp\/v2\/pages\/51","targetHints":{"allow":["GET"]}}],"collection":[{"href":"https:\/\/praxis-beylich.de\/index.php?rest_route=\/wp\/v2\/pages"}],"about":[{"href":"https:\/\/praxis-beylich.de\/index.php?rest_route=\/wp\/v2\/types\/page"}],"author":[{"embeddable":true,"href":"https:\/\/praxis-beylich.de\/index.php?rest_route=\/wp\/v2\/users\/1"}],"replies":[{"embeddable":true,"href":"https:\/\/praxis-beylich.de\/index.php?rest_route=%2Fwp%2Fv2%2Fcomments&post=51"}],"version-history":[{"count":7,"href":"https:\/\/praxis-beylich.de\/index.php?rest_route=\/wp\/v2\/pages\/51\/revisions"}],"predecessor-version":[{"id":2546,"href":"https:\/\/praxis-beylich.de\/index.php?rest_route=\/wp\/v2\/pages\/51\/revisions\/2546"}],"wp:featuredmedia":[{"embeddable":true,"href":"https:\/\/praxis-beylich.de\/index.php?rest_route=\/wp\/v2\/media\/2202"}],"wp:attachment":[{"href":"https:\/\/praxis-beylich.de\/index.php?rest_route=%2Fwp%2Fv2%2Fmedia&parent=51"}],"curies":[{"name":"wp","href":"https:\/\/api.w.org\/{rel}","templated":true}]}}