{"id":98,"date":"2018-01-06T18:51:36","date_gmt":"2018-01-06T18:51:36","guid":{"rendered":"http:\/\/praxis-beylich.de\/?page_id=98"},"modified":"2022-11-19T20:28:11","modified_gmt":"2022-11-19T19:28:11","slug":"notfallversorgung","status":"publish","type":"page","link":"https:\/\/praxis-beylich.de\/?page_id=98","title":{"rendered":"Notfallversorgung"},"content":{"rendered":"<p>Unser Personal bildet sich st\u00e4ndig weiter, was aktuelle Standards in der Notfallbehandlung betrifft. Dadurch sichern wir eine stets kompetente und effektive Behandlung aller Notf\u00e4lle.<br \/>\nUnsere Praxis verf\u00fcgt dazu \u00fcber eine beispielhafte Ausr\u00fcstung, die der eines gut ausgestatteten Rettungswagens entspricht, so dass wir st\u00e4ndig in der Lage sind, alle vorkommenden Verletzungen, Vergiftungen oder internistische Notf\u00e4lle ebenso effektiv zu behandeln, wie das im Rettungsdienst m\u00f6glich ist.<br \/>\nDazu verf\u00fcgen wir \u00fcber alle medikament\u00f6sen M\u00f6glichkeiten einschlie\u00dflich der n\u00f6tigen Zugangswege (wir sind auch in der Lage, intraoss\u00e4re Zug\u00e4nge zu installieren). Wir verf\u00fcgen \u00fcber alle M\u00f6glichkeiten der Herz-Lungen-Wiederbelebung, einschlie\u00dflich\u00a0der Beatmung, Defibrillation und des externen Schrittmachers ebenso wie auch der effizienten Wundversorgung einschlie\u00dflich schwerer Brandverletzungen.<\/p>\n","protected":false},"excerpt":{"rendered":"<p>Unser Personal bildet sich st\u00e4ndig weiter, was aktuelle Standards in der Notfallbehandlung betrifft. Dadurch sichern wir eine stets kompetente und effektive Behandlung aller Notf\u00e4lle. Unsere Praxis verf\u00fcgt dazu \u00fcber eine beispielhafte Ausr\u00fcstung, die der eines gut ausgestatteten Rettungswagens entspricht, so dass wir st\u00e4ndig in der Lage sind, alle vorkommenden Verletzungen, Vergiftungen oder internistische Notf\u00e4lle ebenso &hellip; <\/p>\n<p class=\"link-more\"><a href=\"https:\/\/praxis-beylich.de\/?page_id=98\" class=\"more-link\"><span class=\"screen-reader-text\">\u201eNotfallversorgung\u201c <\/span>weiterlesen<\/a><\/p>\n","protected":false},"author":1,"featured_media":533,"parent":0,"menu_order":0,"comment_status":"closed","ping_status":"closed","template":"","meta":{"_monsterinsights_skip_tracking":false,"_monsterinsights_sitenote_active":false,"_monsterinsights_sitenote_note":"","_monsterinsights_sitenote_category":0,"footnotes":""},"class_list":["post-98","page","type-page","status-publish","has-post-thumbnail","hentry"],"yoast_head":"<!-- This site is optimized with the Yoast SEO plugin v27.4 - https:\/\/yoast.com\/product\/yoast-seo-wordpress\/ -->\n<title>Notfallversorgung - PRAXIS F\u00dcR ALLGEMEINMEDIZIN<\/title>\n<meta name=\"robots\" content=\"index, follow, max-snippet:-1, max-image-preview:large, max-video-preview:-1\" \/>\n<link rel=\"canonical\" href=\"https:\/\/praxis-beylich.de\/?page_id=98\" \/>\n<meta property=\"og:locale\" content=\"de_DE\" \/>\n<meta property=\"og:type\" content=\"article\" \/>\n<meta property=\"og:title\" content=\"Notfallversorgung - PRAXIS F\u00dcR ALLGEMEINMEDIZIN\" \/>\n<meta property=\"og:description\" content=\"Unser Personal bildet sich st\u00e4ndig weiter, was aktuelle Standards in der Notfallbehandlung betrifft. Dadurch sichern wir eine stets kompetente und effektive Behandlung aller Notf\u00e4lle. Unsere Praxis verf\u00fcgt dazu \u00fcber eine beispielhafte Ausr\u00fcstung, die der eines gut ausgestatteten Rettungswagens entspricht, so dass wir st\u00e4ndig in der Lage sind, alle vorkommenden Verletzungen, Vergiftungen oder internistische Notf\u00e4lle ebenso &hellip; \u201eNotfallversorgung\u201c weiterlesen\" \/>\n<meta property=\"og:url\" content=\"https:\/\/praxis-beylich.de\/?page_id=98\" \/>\n<meta property=\"og:site_name\" content=\"PRAXIS F\u00dcR ALLGEMEINMEDIZIN\" \/>\n<meta property=\"article:modified_time\" content=\"2022-11-19T19:28:11+00:00\" \/>\n<meta property=\"og:image\" content=\"https:\/\/praxis-beylich.de\/wp-content\/uploads\/2018\/02\/Rettungswagen.png\" \/>\n\t<meta property=\"og:image:width\" content=\"600\" \/>\n\t<meta property=\"og:image:height\" content=\"360\" \/>\n\t<meta property=\"og:image:type\" content=\"image\/png\" \/>\n<meta name=\"twitter:card\" content=\"summary_large_image\" \/>\n<meta name=\"twitter:label1\" content=\"Gesch\u00e4tzte Lesezeit\" \/>\n\t<meta name=\"twitter:data1\" content=\"1\u00a0Minute\" \/>\n<script type=\"application\/ld+json\" class=\"yoast-schema-graph\">{\"@context\":\"https:\\\/\\\/schema.org\",\"@graph\":[{\"@type\":\"WebPage\",\"@id\":\"https:\\\/\\\/praxis-beylich.de\\\/?page_id=98\",\"url\":\"https:\\\/\\\/praxis-beylich.de\\\/?page_id=98\",\"name\":\"Notfallversorgung - PRAXIS F\u00dcR ALLGEMEINMEDIZIN\",\"isPartOf\":{\"@id\":\"https:\\\/\\\/praxis-beylich.de\\\/#website\"},\"primaryImageOfPage\":{\"@id\":\"https:\\\/\\\/praxis-beylich.de\\\/?page_id=98#primaryimage\"},\"image\":{\"@id\":\"https:\\\/\\\/praxis-beylich.de\\\/?page_id=98#primaryimage\"},\"thumbnailUrl\":\"https:\\\/\\\/praxis-beylich.de\\\/wp-content\\\/uploads\\\/2018\\\/02\\\/Rettungswagen.png\",\"datePublished\":\"2018-01-06T18:51:36+00:00\",\"dateModified\":\"2022-11-19T19:28:11+00:00\",\"breadcrumb\":{\"@id\":\"https:\\\/\\\/praxis-beylich.de\\\/?page_id=98#breadcrumb\"},\"inLanguage\":\"de\",\"potentialAction\":[{\"@type\":\"ReadAction\",\"target\":[\"https:\\\/\\\/praxis-beylich.de\\\/?page_id=98\"]}]},{\"@type\":\"ImageObject\",\"inLanguage\":\"de\",\"@id\":\"https:\\\/\\\/praxis-beylich.de\\\/?page_id=98#primaryimage\",\"url\":\"https:\\\/\\\/praxis-beylich.de\\\/wp-content\\\/uploads\\\/2018\\\/02\\\/Rettungswagen.png\",\"contentUrl\":\"https:\\\/\\\/praxis-beylich.de\\\/wp-content\\\/uploads\\\/2018\\\/02\\\/Rettungswagen.png\",\"width\":600,\"height\":360},{\"@type\":\"BreadcrumbList\",\"@id\":\"https:\\\/\\\/praxis-beylich.de\\\/?page_id=98#breadcrumb\",\"itemListElement\":[{\"@type\":\"ListItem\",\"position\":1,\"name\":\"Startseite\",\"item\":\"https:\\\/\\\/praxis-beylich.de\\\/\"},{\"@type\":\"ListItem\",\"position\":2,\"name\":\"Notfallversorgung\"}]},{\"@type\":\"WebSite\",\"@id\":\"https:\\\/\\\/praxis-beylich.de\\\/#website\",\"url\":\"https:\\\/\\\/praxis-beylich.de\\\/\",\"name\":\"PRAXIS F\u00dcR ALLGEMEINMEDIZIN\",\"description\":\"Dipl.-Med. Michael Beylich, Facharzt f\u00fcr Allgemeinmedizin, Notarzt, Badearzt, Akupunkturarzt\",\"publisher\":{\"@id\":\"https:\\\/\\\/praxis-beylich.de\\\/#organization\"},\"potentialAction\":[{\"@type\":\"SearchAction\",\"target\":{\"@type\":\"EntryPoint\",\"urlTemplate\":\"https:\\\/\\\/praxis-beylich.de\\\/?s={search_term_string}\"},\"query-input\":{\"@type\":\"PropertyValueSpecification\",\"valueRequired\":true,\"valueName\":\"search_term_string\"}}],\"inLanguage\":\"de\"},{\"@type\":\"Organization\",\"@id\":\"https:\\\/\\\/praxis-beylich.de\\\/#organization\",\"name\":\"Praxis f\u00fcr Allgemeinmedizin\",\"url\":\"https:\\\/\\\/praxis-beylich.de\\\/\",\"logo\":{\"@type\":\"ImageObject\",\"inLanguage\":\"de\",\"@id\":\"https:\\\/\\\/praxis-beylich.de\\\/#\\\/schema\\\/logo\\\/image\\\/\",\"url\":\"http:\\\/\\\/praxis-beylich.de\\\/wp-content\\\/uploads\\\/2018\\\/01\\\/YinYang-1.png\",\"contentUrl\":\"http:\\\/\\\/praxis-beylich.de\\\/wp-content\\\/uploads\\\/2018\\\/01\\\/YinYang-1.png\",\"width\":133,\"height\":134,\"caption\":\"Praxis f\u00fcr Allgemeinmedizin\"},\"image\":{\"@id\":\"https:\\\/\\\/praxis-beylich.de\\\/#\\\/schema\\\/logo\\\/image\\\/\"}}]}<\/script>\n<!-- \/ Yoast SEO plugin. -->","yoast_head_json":{"title":"Notfallversorgung - PRAXIS F\u00dcR ALLGEMEINMEDIZIN","robots":{"index":"index","follow":"follow","max-snippet":"max-snippet:-1","max-image-preview":"max-image-preview:large","max-video-preview":"max-video-preview:-1"},"canonical":"https:\/\/praxis-beylich.de\/?page_id=98","og_locale":"de_DE","og_type":"article","og_title":"Notfallversorgung - PRAXIS F\u00dcR ALLGEMEINMEDIZIN","og_description":"Unser Personal bildet sich st\u00e4ndig weiter, was aktuelle Standards in der Notfallbehandlung betrifft. Dadurch sichern wir eine stets kompetente und effektive Behandlung aller Notf\u00e4lle. Unsere Praxis verf\u00fcgt dazu \u00fcber eine beispielhafte Ausr\u00fcstung, die der eines gut ausgestatteten Rettungswagens entspricht, so dass wir st\u00e4ndig in der Lage sind, alle vorkommenden Verletzungen, Vergiftungen oder internistische Notf\u00e4lle ebenso &hellip; \u201eNotfallversorgung\u201c weiterlesen","og_url":"https:\/\/praxis-beylich.de\/?page_id=98","og_site_name":"PRAXIS F\u00dcR ALLGEMEINMEDIZIN","article_modified_time":"2022-11-19T19:28:11+00:00","og_image":[{"width":600,"height":360,"url":"https:\/\/praxis-beylich.de\/wp-content\/uploads\/2018\/02\/Rettungswagen.png","type":"image\/png"}],"twitter_card":"summary_large_image","twitter_misc":{"Gesch\u00e4tzte Lesezeit":"1\u00a0Minute"},"schema":{"@context":"https:\/\/schema.org","@graph":[{"@type":"WebPage","@id":"https:\/\/praxis-beylich.de\/?page_id=98","url":"https:\/\/praxis-beylich.de\/?page_id=98","name":"Notfallversorgung - PRAXIS F\u00dcR ALLGEMEINMEDIZIN","isPartOf":{"@id":"https:\/\/praxis-beylich.de\/#website"},"primaryImageOfPage":{"@id":"https:\/\/praxis-beylich.de\/?page_id=98#primaryimage"},"image":{"@id":"https:\/\/praxis-beylich.de\/?page_id=98#primaryimage"},"thumbnailUrl":"https:\/\/praxis-beylich.de\/wp-content\/uploads\/2018\/02\/Rettungswagen.png","datePublished":"2018-01-06T18:51:36+00:00","dateModified":"2022-11-19T19:28:11+00:00","breadcrumb":{"@id":"https:\/\/praxis-beylich.de\/?page_id=98#breadcrumb"},"inLanguage":"de","potentialAction":[{"@type":"ReadAction","target":["https:\/\/praxis-beylich.de\/?page_id=98"]}]},{"@type":"ImageObject","inLanguage":"de","@id":"https:\/\/praxis-beylich.de\/?page_id=98#primaryimage","url":"https:\/\/praxis-beylich.de\/wp-content\/uploads\/2018\/02\/Rettungswagen.png","contentUrl":"https:\/\/praxis-beylich.de\/wp-content\/uploads\/2018\/02\/Rettungswagen.png","width":600,"height":360},{"@type":"BreadcrumbList","@id":"https:\/\/praxis-beylich.de\/?page_id=98#breadcrumb","itemListElement":[{"@type":"ListItem","position":1,"name":"Startseite","item":"https:\/\/praxis-beylich.de\/"},{"@type":"ListItem","position":2,"name":"Notfallversorgung"}]},{"@type":"WebSite","@id":"https:\/\/praxis-beylich.de\/#website","url":"https:\/\/praxis-beylich.de\/","name":"PRAXIS F\u00dcR ALLGEMEINMEDIZIN","description":"Dipl.-Med. Michael Beylich, Facharzt f\u00fcr Allgemeinmedizin, Notarzt, Badearzt, Akupunkturarzt","publisher":{"@id":"https:\/\/praxis-beylich.de\/#organization"},"potentialAction":[{"@type":"SearchAction","target":{"@type":"EntryPoint","urlTemplate":"https:\/\/praxis-beylich.de\/?s={search_term_string}"},"query-input":{"@type":"PropertyValueSpecification","valueRequired":true,"valueName":"search_term_string"}}],"inLanguage":"de"},{"@type":"Organization","@id":"https:\/\/praxis-beylich.de\/#organization","name":"Praxis f\u00fcr Allgemeinmedizin","url":"https:\/\/praxis-beylich.de\/","logo":{"@type":"ImageObject","inLanguage":"de","@id":"https:\/\/praxis-beylich.de\/#\/schema\/logo\/image\/","url":"http:\/\/praxis-beylich.de\/wp-content\/uploads\/2018\/01\/YinYang-1.png","contentUrl":"http:\/\/praxis-beylich.de\/wp-content\/uploads\/2018\/01\/YinYang-1.png","width":133,"height":134,"caption":"Praxis f\u00fcr Allgemeinmedizin"},"image":{"@id":"https:\/\/praxis-beylich.de\/#\/schema\/logo\/image\/"}}]}},"_links":{"self":[{"href":"https:\/\/praxis-beylich.de\/index.php?rest_route=\/wp\/v2\/pages\/98","targetHints":{"allow":["GET"]}}],"collection":[{"href":"https:\/\/praxis-beylich.de\/index.php?rest_route=\/wp\/v2\/pages"}],"about":[{"href":"https:\/\/praxis-beylich.de\/index.php?rest_route=\/wp\/v2\/types\/page"}],"author":[{"embeddable":true,"href":"https:\/\/praxis-beylich.de\/index.php?rest_route=\/wp\/v2\/users\/1"}],"replies":[{"embeddable":true,"href":"https:\/\/praxis-beylich.de\/index.php?rest_route=%2Fwp%2Fv2%2Fcomments&post=98"}],"version-history":[{"count":4,"href":"https:\/\/praxis-beylich.de\/index.php?rest_route=\/wp\/v2\/pages\/98\/revisions"}],"predecessor-version":[{"id":2190,"href":"https:\/\/praxis-beylich.de\/index.php?rest_route=\/wp\/v2\/pages\/98\/revisions\/2190"}],"wp:featuredmedia":[{"embeddable":true,"href":"https:\/\/praxis-beylich.de\/index.php?rest_route=\/wp\/v2\/media\/533"}],"wp:attachment":[{"href":"https:\/\/praxis-beylich.de\/index.php?rest_route=%2Fwp%2Fv2%2Fmedia&parent=98"}],"curies":[{"name":"wp","href":"https:\/\/api.w.org\/{rel}","templated":true}]}}